Last updated on 2025-10-22 05:51:29 CEST.
Flavor | Version | Tinstall | Tcheck | Ttotal | Status | Flags |
---|---|---|---|---|---|---|
r-devel-linux-x86_64-debian-clang | 3.3.1 | 22.05 | 389.97 | 412.02 | NOTE | |
r-devel-linux-x86_64-debian-gcc | 3.3.1 | 13.57 | 250.31 | 263.88 | NOTE | |
r-devel-linux-x86_64-fedora-clang | 3.3.1 | 114.00 | 530.24 | 644.24 | OK | |
r-devel-linux-x86_64-fedora-gcc | 3.3.1 | 43.00 | 569.79 | 612.79 | OK | |
r-devel-windows-x86_64 | 3.3.1 | 24.00 | 320.00 | 344.00 | OK | |
r-patched-linux-x86_64 | 3.3.0 | 23.69 | 375.05 | 398.74 | OK | |
r-release-linux-x86_64 | 3.3.1 | 20.23 | 374.38 | 394.61 | OK | |
r-release-macos-arm64 | 3.3.1 | 9.00 | 149.00 | 158.00 | OK | |
r-release-macos-x86_64 | 3.3.1 | 29.00 | 343.00 | 372.00 | OK | |
r-release-windows-x86_64 | 3.3.1 | 25.00 | 326.00 | 351.00 | OK | |
r-oldrel-macos-arm64 | 3.3.1 | 8.00 | 147.00 | 155.00 | OK | |
r-oldrel-macos-x86_64 | 3.3.1 | 34.00 | 347.00 | 381.00 | OK | |
r-oldrel-windows-x86_64 | 3.3.1 | 32.00 | 330.00 | 362.00 | OK |
Version: 3.3.1
Check: HTML version of manual
Result: NOTE
Found the following HTML validation problems:
dot-load6DR.html:46:1 (dot-load6DR.Rd:10): Warning: missing </ul> before </div>
tcpldbStats.html:55:1 (tcpldbStats.Rd:12): Warning: missing </ul> before </div>
write_lvl_4.html:46:1 (write_lvl_4.Rd:10): Warning: missing </ul> before </div>
Flavors: r-devel-linux-x86_64-debian-clang, r-devel-linux-x86_64-debian-gcc