Last updated on 2025-10-21 04:50:40 CEST.
Flavor | Version | Tinstall | Tcheck | Ttotal | Status | Flags |
---|---|---|---|---|---|---|
r-devel-linux-x86_64-debian-clang | 1.3.1 | 161.13 | 160.36 | 321.49 | OK | |
r-devel-linux-x86_64-debian-gcc | 1.3.1 | 129.16 | 124.80 | 253.96 | NOTE | |
r-devel-linux-x86_64-fedora-clang | 1.3.1 | 598.69 | NOTE | |||
r-devel-linux-x86_64-fedora-gcc | 1.3.1 | 425.55 | NOTE | |||
r-devel-windows-x86_64 | 1.3.1 | 160.00 | 209.00 | 369.00 | OK | |
r-patched-linux-x86_64 | 1.3.1 | 168.32 | 162.43 | 330.75 | OK | |
r-release-linux-x86_64 | 1.3.1 | 174.38 | 165.80 | 340.18 | OK | |
r-release-macos-arm64 | 1.3.1 | 145.00 | OK | |||
r-release-macos-x86_64 | 1.3.1 | 359.00 | OK | |||
r-release-windows-x86_64 | 1.3.1 | 162.00 | 223.00 | 385.00 | OK | |
r-oldrel-macos-arm64 | 1.3.1 | 79.00 | NOTE | |||
r-oldrel-macos-x86_64 | 1.3.1 | 145.00 | NOTE | |||
r-oldrel-windows-x86_64 | 1.3.1 | 184.00 | 299.00 | 483.00 | NOTE |
Version: 1.3.1
Check: HTML version of manual
Result: NOTE
Found the following HTML validation problems:
fit_dirichlet.html:46:1 (fit_dirichlet.Rd:10): Warning: missing </ul> before </div>
parse_re_formula.html:52:1 (parse_re_formula.Rd:13): Warning: missing </ul> before </div>
rmspe_calc.html:58:1 (rmspe_calc.Rd:16): Warning: missing </ul> before </div>
Flavor: r-devel-linux-x86_64-debian-gcc
Version: 1.3.1
Check: dependencies in R code
Result: NOTE
Namespaces in Imports field not imported from:
‘RcppParallel’ ‘rstantools’
All declared Imports should be used.
Flavors: r-devel-linux-x86_64-fedora-clang, r-devel-linux-x86_64-fedora-gcc
Version: 1.3.1
Check: installed package size
Result: NOTE
installed size is 46.8Mb
sub-directories of 1Mb or more:
libs 46.3Mb
Flavors: r-oldrel-macos-arm64, r-oldrel-macos-x86_64
Version: 1.3.1
Check: for GNU extensions in Makefiles
Result: NOTE
GNU make is a SystemRequirements.
Flavors: r-oldrel-macos-arm64, r-oldrel-macos-x86_64, r-oldrel-windows-x86_64