CRAN Package Check Results for Package zip

Last updated on 2025-05-10 08:50:55 CEST.

Flavor Version Tinstall Tcheck Ttotal Status Flags
r-devel-linux-x86_64-debian-clang 2.3.2 13.16 26.34 39.50 OK
r-devel-linux-x86_64-debian-gcc 2.3.2 12.37 20.30 32.67 OK
r-devel-linux-x86_64-fedora-clang 2.3.2 58.56 OK
r-devel-linux-x86_64-fedora-gcc 2.3.2 72.82 OK
r-devel-windows-x86_64 2.3.2 35.00 52.00 87.00 OK
r-patched-linux-x86_64 2.3.2 15.73 23.24 38.97 OK
r-release-linux-x86_64 2.3.2 14.46 23.85 38.31 OK
r-release-macos-arm64 2.3.2 22.00 ERROR
r-release-macos-x86_64 2.3.2 41.00 OK
r-release-windows-x86_64 2.3.2 38.00 54.00 92.00 OK
r-oldrel-macos-arm64 2.3.2 37.00 OK
r-oldrel-macos-x86_64 2.3.2 71.00 OK
r-oldrel-windows-x86_64 2.3.2 36.00 58.00 94.00 OK

Check Details

Version: 2.3.2
Check: tests
Result: ERROR Running ‘testthat.R’ [0s/0s] Running the tests in ‘tests/testthat.R’ failed. Complete output: > library(testthat) > library(zip) Attaching package: 'zip' The following objects are masked from 'package:utils': unzip, zip > > test_check("zip") Error in loadNamespace(x) : there is no package called 'desc' Calls: test_check ... loadNamespace -> withRestarts -> withOneRestart -> doWithOneRestart Execution halted Flavor: r-release-macos-arm64