Last updated on 2025-10-24 04:51:17 CEST.
| Flavor | Version | Tinstall | Tcheck | Ttotal | Status | Flags |
|---|---|---|---|---|---|---|
| r-devel-linux-x86_64-debian-clang | 0.4.3 | 5.79 | 134.18 | 139.97 | NOTE | |
| r-devel-linux-x86_64-debian-gcc | 0.4.3 | 3.97 | 89.33 | 93.30 | OK | |
| r-devel-linux-x86_64-fedora-clang | 0.4.3 | 52.00 | 174.95 | 226.95 | OK | |
| r-devel-linux-x86_64-fedora-gcc | 0.4.3 | 30.00 | 198.25 | 228.25 | OK | |
| r-devel-windows-x86_64 | 0.4.3 | 8.00 | 146.00 | 154.00 | OK | |
| r-patched-linux-x86_64 | 0.4.3 | 6.30 | 124.11 | 130.41 | OK | |
| r-release-linux-x86_64 | 0.4.3 | 6.50 | 125.19 | 131.69 | OK | |
| r-release-macos-arm64 | 0.4.3 | 2.00 | 65.00 | 67.00 | OK | |
| r-release-macos-x86_64 | 0.4.3 | 5.00 | 140.00 | 145.00 | OK | |
| r-release-windows-x86_64 | 0.4.3 | 7.00 | 148.00 | 155.00 | OK | |
| r-oldrel-macos-arm64 | 0.4.3 | 2.00 | 72.00 | 74.00 | OK | |
| r-oldrel-macos-x86_64 | 0.4.3 | 7.00 | 132.00 | 139.00 | OK | |
| r-oldrel-windows-x86_64 | 0.4.3 | 10.00 | 191.00 | 201.00 | OK |
Version: 0.4.3
Check: HTML version of manual
Result: NOTE
Found the following HTML validation problems:
dataset_spec.html:69:1 (dataset_spec.Rd:22): Warning: missing </ul> before </div>
var_spec.html:89:1 (var_spec.Rd:32): Warning: missing </ul> before </div>
Flavor: r-devel-linux-x86_64-debian-clang