Last updated on 2024-07-27 03:49:45 CEST.
Flavor | Version | Tinstall | Tcheck | Ttotal | Status | Flags |
---|---|---|---|---|---|---|
r-devel-linux-x86_64-debian-clang | 0.10-56 | 10.64 | 58.51 | 69.15 | OK | |
r-devel-linux-x86_64-debian-gcc | 0.10-56 | 8.26 | 43.67 | 51.93 | NOTE | |
r-devel-linux-x86_64-fedora-clang | 0.10-56 | 89.93 | NOTE | |||
r-devel-linux-x86_64-fedora-gcc | 0.10-56 | 85.71 | NOTE | |||
r-devel-windows-x86_64 | 0.10-56 | 16.00 | 75.00 | 91.00 | NOTE | |
r-patched-linux-x86_64 | 0.10-56 | OK | ||||
r-release-linux-x86_64 | 0.10-56 | 8.95 | 55.64 | 64.59 | OK | |
r-release-macos-arm64 | 0.10-56 | 38.00 | OK | |||
r-release-macos-x86_64 | 0.10-56 | 49.00 | OK | |||
r-release-windows-x86_64 | 0.10-56 | 15.00 | 74.00 | 89.00 | OK | |
r-oldrel-macos-arm64 | 0.10-56 | 36.00 | OK | |||
r-oldrel-macos-x86_64 | 0.10-56 | 71.00 | OK | |||
r-oldrel-windows-x86_64 | 0.10-56 | 16.00 | 85.00 | 101.00 | OK |
Version: 0.10-56
Check: Rd cross-references
Result: NOTE
Found the following Rd file(s) with Rd \link{} targets missing package
anchors:
tsbootstrap.Rd: tsboot
Please provide package anchors for all Rd \link{} targets not in the
package itself and the base packages.
Flavors: r-devel-linux-x86_64-debian-gcc, r-devel-windows-x86_64
Version: 0.10-56
Check: dependencies in R code
Result: NOTE
Namespace in Imports field not imported from: ‘jsonlite’
All declared Imports should be used.
Flavors: r-devel-linux-x86_64-fedora-clang, r-devel-linux-x86_64-fedora-gcc