Last updated on 2025-11-12 07:51:07 CET.
| Flavor | Version | Tinstall | Tcheck | Ttotal | Status | Flags |
|---|---|---|---|---|---|---|
| r-devel-linux-x86_64-debian-clang | 0.0.3 | 115.99 | 695.69 | 811.68 | OK | |
| r-devel-linux-x86_64-debian-gcc | 0.0.3 | 109.56 | 221.33 | 330.89 | OK | |
| r-devel-linux-x86_64-fedora-clang | 0.0.3 | 258.00 | 1186.46 | 1444.46 | OK | |
| r-devel-linux-x86_64-fedora-gcc | 0.0.3 | 565.00 | 230.42 | 795.42 | OK | |
| r-devel-windows-x86_64 | 0.0.3 | 145.00 | 466.00 | 611.00 | OK | |
| r-patched-linux-x86_64 | 0.0.3 | 143.19 | 311.96 | 455.15 | OK | |
| r-release-linux-x86_64 | 0.0.3 | 145.34 | 309.61 | 454.95 | OK | |
| r-release-macos-arm64 | 0.0.3 | 58.00 | 164.00 | 222.00 | OK | |
| r-release-macos-x86_64 | 0.0.3 | 104.00 | 431.00 | 535.00 | OK | |
| r-release-windows-x86_64 | 0.0.3 | 132.00 | 477.00 | 609.00 | OK | |
| r-oldrel-macos-arm64 | 0.0.3 | 25.00 | 105.00 | 130.00 | NOTE | |
| r-oldrel-macos-x86_64 | 0.0.3 | 49.00 | 185.00 | 234.00 | NOTE | |
| r-oldrel-windows-x86_64 | 0.0.3 | 165.00 | 549.00 | 714.00 | NOTE |
Version: 0.0.3
Check: installed package size
Result: NOTE
installed size is 40.5Mb
sub-directories of 1Mb or more:
libs 40.3Mb
Flavors: r-oldrel-macos-arm64, r-oldrel-macos-x86_64
Version: 0.0.3
Check: for GNU extensions in Makefiles
Result: NOTE
GNU make is a SystemRequirements.
Flavors: r-oldrel-macos-arm64, r-oldrel-macos-x86_64, r-oldrel-windows-x86_64