Last updated on 2024-07-27 03:49:45 CEST.
Flavor | Version | Tinstall | Tcheck | Ttotal | Status | Flags |
---|---|---|---|---|---|---|
r-devel-linux-x86_64-debian-clang | 1.39 | 10.83 | 68.88 | 79.71 | NOTE | |
r-devel-linux-x86_64-debian-gcc | 1.39 | 8.10 | 51.35 | 59.45 | NOTE | |
r-devel-linux-x86_64-fedora-clang | 1.39 | 104.64 | NOTE | |||
r-devel-linux-x86_64-fedora-gcc | 1.39 | 101.91 | NOTE | |||
r-devel-windows-x86_64 | 1.39 | 14.00 | 81.00 | 95.00 | NOTE | |
r-patched-linux-x86_64 | 1.39 | NOTE | ||||
r-release-linux-x86_64 | 1.39 | 9.37 | 62.98 | 72.35 | NOTE | |
r-release-macos-arm64 | 1.39 | 29.00 | NOTE | |||
r-release-macos-x86_64 | 1.39 | 70.00 | NOTE | |||
r-release-windows-x86_64 | 1.39 | 15.00 | 78.00 | 93.00 | NOTE | |
r-oldrel-macos-arm64 | 1.39 | 29.00 | OK | |||
r-oldrel-macos-x86_64 | 1.39 | 47.00 | OK | |||
r-oldrel-windows-x86_64 | 1.39 | 15.00 | 91.00 | 106.00 | OK |
Version: 1.39
Check: Rd files
Result: NOTE
checkRd: (-1) tierChart.Rd:332: Lost braces
332 | If the input argument code{boxes} is \code{F}, the \code{lBox},
| ^
Flavors: r-devel-linux-x86_64-debian-clang, r-devel-linux-x86_64-debian-gcc, r-devel-linux-x86_64-fedora-clang, r-devel-linux-x86_64-fedora-gcc, r-devel-windows-x86_64, r-patched-linux-x86_64, r-release-linux-x86_64, r-release-macos-arm64, r-release-macos-x86_64, r-release-windows-x86_64