Last updated on 2025-10-21 04:50:36 CEST.
Flavor | Version | Tinstall | Tcheck | Ttotal | Status | Flags |
---|---|---|---|---|---|---|
r-devel-linux-x86_64-debian-clang | 1.0.0-1.1.2 | 5.85 | 67.37 | 73.22 | NOTE | |
r-devel-linux-x86_64-debian-gcc | 1.0.0-1.1.2 | 5.05 | 50.31 | 55.36 | NOTE | |
r-devel-linux-x86_64-fedora-clang | 1.0.0-1.1.2 | 118.61 | NOTE | |||
r-devel-linux-x86_64-fedora-gcc | 1.0.0-1.1.2 | 120.79 | NOTE | |||
r-devel-windows-x86_64 | 1.0.0-1.1.2 | 9.00 | 91.00 | 100.00 | NOTE | |
r-patched-linux-x86_64 | 1.0.0-1.1.2 | 6.90 | 62.77 | 69.67 | NOTE | |
r-release-linux-x86_64 | 1.0.0-1.1.2 | 5.34 | 63.56 | 68.90 | NOTE | |
r-release-macos-arm64 | 1.0.0-1.1.2 | 55.00 | NOTE | |||
r-release-macos-x86_64 | 1.0.0-1.1.2 | 88.00 | NOTE | |||
r-release-windows-x86_64 | 1.0.0-1.1.2 | 10.00 | 93.00 | 103.00 | NOTE | |
r-oldrel-macos-arm64 | 1.0.0-1.1.2 | 42.00 | NOTE | |||
r-oldrel-macos-x86_64 | 1.0.0-1.1.2 | 66.00 | NOTE | |||
r-oldrel-windows-x86_64 | 1.0.0-1.1.2 | 10.00 | 105.00 | 115.00 | NOTE |
Version: 1.0.0-1.1.2
Check: Rd files
Result: NOTE
checkRd: (-1) setup_sql_functions.Rd:5: Lost braces; missing escapes or markup?
5 | \title{Install {timeseriesdb} System Functions}
| ^
checkRd: (-1) setup_sql_functions.Rd:17: Lost braces; missing escapes or markup?
17 | Installs functions needed to operated {timeseriesdb} in
| ^
checkRd: (-1) setup_sql_grant_rights.Rd:5: Lost braces; missing escapes or markup?
5 | \title{Grant execute on {timeseriesdb} functions}
| ^
checkRd: (-1) setup_sql_grant_rights.Rd:17: Lost braces; missing escapes or markup?
17 | Grant execute on {timeseriesdb} functions
| ^
checkRd: (-1) setup_sql_tables.Rd:5: Lost braces; missing escapes or markup?
5 | \title{Install {timeseriesdb} System Tables}
| ^
checkRd: (-1) setup_sql_tables.Rd:17: Lost braces; missing escapes or markup?
17 | Installs tables needed to operated {timeseriesdb} in
| ^
checkRd: (-1) setup_sql_triggers.Rd:5: Lost braces; missing escapes or markup?
5 | \title{Install {timeseriesdb} Triggers}
| ^
Flavors: r-devel-linux-x86_64-debian-clang, r-devel-linux-x86_64-debian-gcc, r-devel-linux-x86_64-fedora-clang, r-devel-linux-x86_64-fedora-gcc, r-devel-windows-x86_64, r-patched-linux-x86_64, r-release-linux-x86_64, r-release-macos-arm64, r-release-macos-x86_64, r-release-windows-x86_64, r-oldrel-macos-arm64, r-oldrel-macos-x86_64, r-oldrel-windows-x86_64
Version: 1.0.0-1.1.2
Check: HTML version of manual
Result: NOTE
Found the following HTML validation problems:
as.meta.html:47:1 (as.meta.Rd:10): Warning: missing </ul> before </div>
as.tsmeta.html:51:1 (as.tsmeta.Rd:12): Warning: missing </ul> before </div>
create_meta.html:47:1 (create_meta.Rd:10): Warning: missing </ul> before </div>
create_tsmeta.html:46:1 (create_tsmeta.Rd:10): Warning: missing </ul> before </div>
db_connection_close.html:50:1 (db_connection_close.Rd:12): Warning: missing </ul> before </div>
db_connection_create.html:100:1 (db_connection_create.Rd:45): Warning: missing </ul> before </div>
db_grant_to_admin.html:56:1 (db_grant_to_admin.Rd:14): Warning: missing </ul> before </div>
db_ts_get_access_level.html:59:1 (db_ts_get_access_level.Rd:17): Warning: missing </ul> before </div>
db_ts_rename.html:58:1 (db_ts_rename.Rd:16): Warning: missing </ul> before </div>
db_with_tmp_read.html:65:1 (db_with_tmp_read.Rd:19): Warning: missing </ul> before </div>
has_depth_2.html:46:1 (has_depth_2.Rd:10): Warning: missing </ul> before </div>
param_defs.html:108:1 (param_defs.Rd:43): Warning: missing </ul> before </div>
print.meta.html:51:1 (print.meta.Rd:12): Warning: missing </ul> before </div>
setup_sql_extentions.html:51:1 (setup_sql_extentions.Rd:12): Warning: missing </ul> before </div>
setup_sql_functions.html:57:1 (setup_sql_functions.Rd:14): Warning: missing </ul> before </div>
setup_sql_grant_rights.html:54:1 (setup_sql_grant_rights.Rd:14): Warning: missing </ul> before </div>
setup_sql_roles.html:50:1 (setup_sql_roles.Rd:12): Warning: missing </ul> before </div>
setup_sql_tables.html:57:1 (setup_sql_tables.Rd:14): Warning: missing </ul> before </div>
setup_sql_triggers.html:57:1 (setup_sql_triggers.Rd:14): Warning: missing </ul> before </div>
Flavor: r-devel-linux-x86_64-debian-gcc