Last updated on 2025-10-21 04:50:36 CEST.
Flavor | Version | Tinstall | Tcheck | Ttotal | Status | Flags |
---|---|---|---|---|---|---|
r-devel-linux-x86_64-debian-clang | 0.2.4 | 18.58 | 218.22 | 236.80 | OK | |
r-devel-linux-x86_64-debian-gcc | 0.2.4 | 12.24 | 147.68 | 159.92 | NOTE | |
r-devel-linux-x86_64-fedora-clang | 0.2.4 | 386.53 | OK | |||
r-devel-linux-x86_64-fedora-gcc | 0.2.4 | 340.91 | OK | |||
r-devel-windows-x86_64 | 0.2.4 | 20.00 | 200.00 | 220.00 | OK | |
r-patched-linux-x86_64 | 0.2.4 | 20.16 | 201.38 | 221.54 | OK | |
r-release-linux-x86_64 | 0.2.4 | 18.75 | 200.87 | 219.62 | OK | |
r-release-macos-arm64 | 0.2.4 | 86.00 | OK | |||
r-release-macos-x86_64 | 0.2.4 | 169.00 | OK | |||
r-release-windows-x86_64 | 0.2.4 | 20.00 | 198.00 | 218.00 | OK | |
r-oldrel-macos-arm64 | 0.2.4 | 90.00 | OK | |||
r-oldrel-macos-x86_64 | 0.2.4 | 164.00 | OK | |||
r-oldrel-windows-x86_64 | 0.2.4 | 28.00 | 264.00 | 292.00 | OK |
Version: 0.2.4
Check: HTML version of manual
Result: NOTE
Found the following HTML validation problems:
convert_helpers.html:127:1 (convert_helpers.Rd:61): Warning: missing </ul> before </div>
details_hier_clust_stats.html:131:1 (details_hier_clust_stats.Rd:74): Warning: missing </ul> before </div>
details_k_means_ClusterR.html:114:1 (details_k_means_ClusterR.Rd:69): Warning: missing </ul> before </div>
details_k_means_clustMixType.html:105:1 (details_k_means_clustMixType.Rd:62): Warning: missing </ul> before </div>
details_k_means_klaR.html:102:1 (details_k_means_klaR.Rd:61): Warning: missing </ul> before </div>
details_k_means_stats.html:114:1 (details_k_means_stats.Rd:69): Warning: missing </ul> before </div>
get_centroid_dists.html:63:1 (get_centroid_dists.Rd:23): Warning: missing </ul> before </div>
Flavor: r-devel-linux-x86_64-debian-gcc