Last updated on 2025-10-22 05:51:29 CEST.
Flavor | Version | Tinstall | Tcheck | Ttotal | Status | Flags |
---|---|---|---|---|---|---|
r-devel-linux-x86_64-debian-clang | 1.1.0 | 17.51 | 202.43 | 219.94 | NOTE | |
r-devel-linux-x86_64-debian-gcc | 1.1.0 | 12.12 | 140.75 | 152.87 | NOTE | |
r-devel-linux-x86_64-fedora-clang | 1.1.0 | 87.00 | 278.11 | 365.11 | OK | |
r-devel-linux-x86_64-fedora-gcc | 1.1.0 | 33.00 | 311.55 | 344.55 | OK | |
r-devel-windows-x86_64 | 1.1.0 | 20.00 | 198.00 | 218.00 | OK | |
r-patched-linux-x86_64 | 1.1.0 | 17.47 | 188.80 | 206.27 | OK | |
r-release-linux-x86_64 | 1.1.0 | 15.04 | 187.75 | 202.79 | OK | |
r-release-macos-arm64 | 1.1.0 | 7.00 | 96.00 | 103.00 | OK | |
r-release-macos-x86_64 | 1.1.0 | 14.00 | 176.00 | 190.00 | OK | |
r-release-windows-x86_64 | 1.1.0 | 18.00 | 199.00 | 217.00 | OK | |
r-oldrel-macos-arm64 | 1.1.0 | 8.00 | 92.00 | 100.00 | OK | |
r-oldrel-macos-x86_64 | 1.1.0 | 13.00 | 179.00 | 192.00 | OK | |
r-oldrel-windows-x86_64 | 1.1.0 | 25.00 | 259.00 | 284.00 | OK |
Version: 1.1.0
Check: HTML version of manual
Result: NOTE
Found the following HTML validation problems:
step_tokenize.html:313:1 (step_tokenize.Rd:219): Warning: <h4> anchor "custom_token" already defined
Flavors: r-devel-linux-x86_64-debian-clang, r-devel-linux-x86_64-debian-gcc