Last updated on 2025-10-24 04:51:13 CEST.
| Flavor | Version | Tinstall | Tcheck | Ttotal | Status | Flags |
|---|---|---|---|---|---|---|
| r-devel-linux-x86_64-debian-clang | 0.5.1 | 5.12 | 177.94 | 183.06 | OK | |
| r-devel-linux-x86_64-debian-gcc | 0.5.1 | 3.72 | 111.45 | 115.17 | OK | |
| r-devel-linux-x86_64-fedora-clang | 0.5.1 | 26.00 | 323.34 | 349.34 | OK | |
| r-devel-linux-x86_64-fedora-gcc | 0.5.1 | 11.00 | 291.89 | 302.89 | OK | |
| r-devel-windows-x86_64 | 0.5.1 | 12.00 | 304.00 | 316.00 | OK | |
| r-patched-linux-x86_64 | 0.5.1 | 4.09 | 168.90 | 172.99 | OK | |
| r-release-linux-x86_64 | 0.5.1 | 3.60 | 171.71 | 175.31 | OK | |
| r-release-macos-arm64 | 0.5.1 | 2.00 | 121.00 | 123.00 | OK | |
| r-release-macos-x86_64 | 0.5.1 | 5.00 | 280.00 | 285.00 | OK | |
| r-release-windows-x86_64 | 0.5.1 | 18.00 | 248.00 | 266.00 | OK | |
| r-oldrel-macos-arm64 | 0.5.1 | 3.00 | 122.00 | 125.00 | NOTE | |
| r-oldrel-macos-x86_64 | 0.5.1 | 6.00 | 392.00 | 398.00 | NOTE | |
| r-oldrel-windows-x86_64 | 0.5.1 | 18.00 | 343.00 | 361.00 | OK |
Version: 0.5.1
Check: installed package size
Result: NOTE
installed size is 5.8Mb
sub-directories of 1Mb or more:
extdata 4.9Mb
Flavors: r-oldrel-macos-arm64, r-oldrel-macos-x86_64