Last updated on 2025-10-22 05:51:29 CEST.
Flavor | Version | Tinstall | Tcheck | Ttotal | Status | Flags |
---|---|---|---|---|---|---|
r-devel-linux-x86_64-debian-clang | 3.3.2 | 7.19 | 73.69 | 80.88 | NOTE | |
r-devel-linux-x86_64-debian-gcc | 3.3.2 | 4.51 | 51.84 | 56.35 | NOTE | |
r-devel-linux-x86_64-fedora-clang | 3.3.2 | 29.00 | 91.73 | 120.73 | OK | |
r-devel-linux-x86_64-fedora-gcc | 3.3.2 | 16.00 | 105.30 | 121.30 | OK | |
r-devel-windows-x86_64 | 3.3.2 | 8.00 | 99.00 | 107.00 | OK | |
r-patched-linux-x86_64 | 3.3.2 | 9.83 | 68.03 | 77.86 | OK | |
r-release-linux-x86_64 | 3.3.2 | 6.95 | 68.24 | 75.19 | OK | |
r-release-macos-arm64 | 3.3.2 | 3.00 | 40.00 | 43.00 | OK | |
r-release-macos-x86_64 | 3.3.2 | 13.00 | 117.00 | 130.00 | OK | |
r-release-windows-x86_64 | 3.3.2 | 11.00 | 99.00 | 110.00 | OK | |
r-oldrel-macos-arm64 | 3.3.2 | 3.00 | 47.00 | 50.00 | OK | |
r-oldrel-macos-x86_64 | 3.3.2 | 7.00 | 112.00 | 119.00 | OK | |
r-oldrel-windows-x86_64 | 3.3.2 | 10.00 | 114.00 | 124.00 | OK |
Version: 3.3.2
Check: HTML version of manual
Result: NOTE
Found the following HTML validation problems:
plot_matrix.html:133:1 (plot_matrix.Rd:69): Warning: missing </ul> before </div>
Flavors: r-devel-linux-x86_64-debian-clang, r-devel-linux-x86_64-debian-gcc