Last updated on 2025-10-21 04:50:34 CEST.
Flavor | Version | Tinstall | Tcheck | Ttotal | Status | Flags |
---|---|---|---|---|---|---|
r-devel-linux-x86_64-debian-clang | 2.3.0 | 6.76 | 92.22 | 98.98 | NOTE | |
r-devel-linux-x86_64-debian-gcc | 2.3.0 | 4.63 | 58.88 | 63.51 | NOTE | |
r-devel-linux-x86_64-fedora-clang | 2.3.0 | 144.47 | OK | |||
r-devel-linux-x86_64-fedora-gcc | 2.3.0 | 146.51 | OK | |||
r-devel-windows-x86_64 | 2.3.0 | 7.00 | 109.00 | 116.00 | OK | |
r-patched-linux-x86_64 | 2.3.0 | 8.01 | 85.92 | 93.93 | OK | |
r-release-linux-x86_64 | 2.3.0 | 6.22 | 86.90 | 93.12 | OK | |
r-release-macos-arm64 | 2.3.0 | 39.00 | OK | |||
r-release-macos-x86_64 | 2.3.0 | 79.00 | OK | |||
r-release-windows-x86_64 | 2.3.0 | 8.00 | 110.00 | 118.00 | OK | |
r-oldrel-macos-arm64 | 2.3.0 | 36.00 | OK | |||
r-oldrel-macos-x86_64 | 2.3.0 | 61.00 | OK | |||
r-oldrel-windows-x86_64 | 2.3.0 | 7.00 | 139.00 | 146.00 | OK |
Version: 2.3.0
Check: CRAN incoming feasibility
Result: NOTE
Maintainer: ‘Gherardo Varando <gherardo.varando@gmail.com>’
The Description field contains
Smith J. Q. (2018) <arXiv:1705.09457>. Thwaites P. A., Smith, J. Q.
(2017) <arXiv:1510.00186>. Barclay L. M., Hutton J. L. and Smith J. Q.
Please refer to arXiv e-prints via their arXiv DOI <doi:10.48550/arXiv.YYMM.NNNNN>.
Flavors: r-devel-linux-x86_64-debian-clang, r-devel-linux-x86_64-debian-gcc
Version: 2.3.0
Check: HTML version of manual
Result: NOTE
Found the following HTML validation problems:
edge.html:66:1 (edge.Rd:20): Warning: missing </ul> before </div>
node.html:66:1 (node.Rd:20): Warning: missing </ul> before </div>
text.sevt.html:67:1 (text.sevt.Rd:20): Warning: missing </ul> before </div>
tree_string.html:46:1 (tree_string.Rd:10): Warning: missing </ul> before </div>
Flavor: r-devel-linux-x86_64-debian-gcc