Last updated on 2024-07-27 03:49:43 CEST.
Flavor | Version | Tinstall | Tcheck | Ttotal | Status | Flags |
---|---|---|---|---|---|---|
r-devel-linux-x86_64-debian-clang | 0.6 | 17.26 | 157.48 | 174.74 | WARN | |
r-devel-linux-x86_64-debian-gcc | 0.6 | 13.73 | 115.04 | 128.77 | WARN | |
r-devel-linux-x86_64-fedora-clang | 0.6 | 234.84 | WARN | |||
r-devel-linux-x86_64-fedora-gcc | 0.6 | 246.61 | WARN | |||
r-devel-windows-x86_64 | 0.6 | 17.00 | 129.00 | 146.00 | WARN | |
r-patched-linux-x86_64 | 0.6 | WARN | ||||
r-release-linux-x86_64 | 0.6 | 12.80 | 147.52 | 160.32 | WARN | |
r-release-macos-arm64 | 0.6 | 70.00 | OK | |||
r-release-macos-x86_64 | 0.6 | 116.00 | OK | |||
r-release-windows-x86_64 | 0.6 | 15.00 | 132.00 | 147.00 | WARN | |
r-oldrel-macos-arm64 | 0.6 | 72.00 | OK | |||
r-oldrel-macos-x86_64 | 0.6 | 120.00 | OK | |||
r-oldrel-windows-x86_64 | 0.6 | 19.00 | 170.00 | 189.00 | WARN |
Version: 0.6
Check: whether package can be installed
Result: WARN
Found the following significant warnings:
Warning: replacing previous import ‘Matrix::det’ by ‘SparseM::det’ when loading ‘stR’
Flavors: r-devel-linux-x86_64-debian-clang, r-devel-linux-x86_64-debian-gcc, r-devel-linux-x86_64-fedora-clang, r-devel-linux-x86_64-fedora-gcc, r-devel-windows-x86_64, r-patched-linux-x86_64, r-release-linux-x86_64, r-release-windows-x86_64, r-oldrel-windows-x86_64
Version: 0.6
Check: HTML version of manual
Result: NOTE
Found the following HTML validation problems:
RSTRmodel.html:218:1 (RSTRmodel.Rd:115): Warning: trimming empty <p>
Flavors: r-devel-linux-x86_64-debian-clang, r-devel-linux-x86_64-debian-gcc, r-devel-linux-x86_64-fedora-clang, r-devel-linux-x86_64-fedora-gcc, r-devel-windows-x86_64, r-patched-linux-x86_64, r-release-linux-x86_64, r-release-windows-x86_64
Version: 0.6
Check: Rd cross-references
Result: NOTE
Found the following Rd file(s) with Rd \link{} targets missing package
anchors:
RSTRmodel.Rd: rq.fit.sfn
STR.Rd: rq.fit.sfn
control.Rd: rq.fit.sfn
Please provide package anchors for all Rd \link{} targets not in the
package itself and the base packages.
Flavors: r-devel-linux-x86_64-debian-gcc, r-devel-windows-x86_64