Last updated on 2025-11-03 07:48:54 CET.
| Flavor | Version | Tinstall | Tcheck | Ttotal | Status | Flags |
|---|---|---|---|---|---|---|
| r-devel-linux-x86_64-debian-clang | 1.2.2 | 36.98 | 152.98 | 189.96 | OK | |
| r-devel-linux-x86_64-debian-gcc | 1.2.2 | 23.42 | 105.29 | 128.71 | OK | |
| r-devel-linux-x86_64-fedora-clang | 1.2.2 | 258.00 | 69.59 | 327.59 | OK | |
| r-devel-linux-x86_64-fedora-gcc | 1.2.2 | 166.00 | 162.35 | 328.35 | OK | |
| r-devel-windows-x86_64 | 1.2.2 | 41.00 | 165.00 | 206.00 | OK | |
| r-patched-linux-x86_64 | 1.2.2 | 0.36 | 2.02 | 2.38 | ERROR | |
| r-release-linux-x86_64 | 1.2.2 | 32.59 | 140.94 | 173.53 | OK | |
| r-release-macos-arm64 | 1.2.2 | 15.00 | 84.00 | 99.00 | OK | |
| r-release-macos-x86_64 | 1.2.2 | 31.00 | 128.00 | 159.00 | OK | |
| r-release-windows-x86_64 | 1.2.2 | 40.00 | 162.00 | 202.00 | OK | |
| r-oldrel-macos-arm64 | 1.2.2 | 16.00 | 89.00 | 105.00 | OK | |
| r-oldrel-macos-x86_64 | 1.2.2 | 32.00 | 133.00 | 165.00 | OK | |
| r-oldrel-windows-x86_64 | 1.2.2 | 56.00 | 215.00 | 271.00 | OK |
Version: 1.2.2
Check: package dependencies
Result: ERROR
Packages required but not available:
'DelayedArray', 'DelayedMatrixStats', 'GSVA'
See section ‘The DESCRIPTION file’ in the ‘Writing R Extensions’
manual.
Flavor: r-patched-linux-x86_64