Last updated on 2025-10-24 04:51:11 CEST.
| Flavor | Version | Tinstall | Tcheck | Ttotal | Status | Flags |
|---|---|---|---|---|---|---|
| r-devel-linux-x86_64-debian-clang | 0.6.0 | 1.85 | 62.29 | 64.14 | NOTE | |
| r-devel-linux-x86_64-debian-gcc | 0.6.0 | 1.40 | 50.82 | 52.22 | NOTE | |
| r-devel-linux-x86_64-fedora-clang | 0.6.0 | 12.00 | 91.00 | 103.00 | NOTE | |
| r-devel-linux-x86_64-fedora-gcc | 0.6.0 | 125.08 | NOTE | |||
| r-devel-windows-x86_64 | 0.6.0 | 3.00 | 112.00 | 115.00 | OK | |
| r-patched-linux-x86_64 | 0.6.0 | 1.84 | 59.85 | 61.69 | NOTE | |
| r-release-linux-x86_64 | 0.6.0 | 1.71 | 58.88 | 60.59 | NOTE | |
| r-release-macos-arm64 | 0.6.0 | 1.00 | 48.00 | 49.00 | OK | |
| r-release-macos-x86_64 | 0.6.0 | 2.00 | 85.00 | 87.00 | OK | |
| r-release-windows-x86_64 | 0.6.0 | 3.00 | 113.00 | 116.00 | OK | |
| r-oldrel-macos-arm64 | 0.6.0 | 1.00 | 43.00 | 44.00 | NOTE | |
| r-oldrel-macos-x86_64 | 0.6.0 | 2.00 | 64.00 | 66.00 | NOTE | |
| r-oldrel-windows-x86_64 | 0.6.0 | 4.00 | 117.00 | 121.00 | NOTE |
Version: 0.6.0
Check: Rd cross-references
Result: NOTE
Unknown package ‘earlywarnings’ in Rd xrefs
Flavors: r-devel-linux-x86_64-debian-clang, r-devel-linux-x86_64-debian-gcc, r-devel-linux-x86_64-fedora-clang, r-devel-linux-x86_64-fedora-gcc, r-patched-linux-x86_64, r-release-linux-x86_64
Version: 0.6.0
Check: dependencies in R code
Result: NOTE
Namespace in Imports field not imported from: ‘utils’
All declared Imports should be used.
Flavors: r-devel-linux-x86_64-fedora-clang, r-devel-linux-x86_64-fedora-gcc
Version: 0.6.0
Check: LazyData
Result: NOTE
'LazyData' is specified without a 'data' directory
Flavors: r-oldrel-macos-arm64, r-oldrel-macos-x86_64, r-oldrel-windows-x86_64