Last updated on 2024-05-09 03:52:41 CEST.
Flavor | Version | Tinstall | Tcheck | Ttotal | Status | Flags |
---|---|---|---|---|---|---|
r-devel-linux-x86_64-debian-clang | 3.3.2 | 26.42 | 111.28 | 137.70 | NOTE | |
r-devel-linux-x86_64-debian-gcc | 3.3.2 | 21.23 | 79.08 | 100.31 | NOTE | |
r-devel-linux-x86_64-fedora-clang | 3.3.2 | 170.71 | NOTE | |||
r-devel-linux-x86_64-fedora-gcc | 3.3.2 | 240.10 | NOTE | |||
r-devel-windows-x86_64 | 3.3.2 | 29.00 | 96.00 | 125.00 | NOTE | |
r-patched-linux-x86_64 | 3.3.2 | 26.23 | 100.99 | 127.22 | NOTE | |
r-release-linux-x86_64 | 3.3.2 | 27.53 | 103.13 | 130.66 | NOTE | |
r-release-macos-arm64 | 3.3.2 | 47.00 | NOTE | |||
r-release-windows-x86_64 | 3.3.2 | 29.00 | 91.00 | 120.00 | NOTE | |
r-oldrel-macos-arm64 | 3.3.2 | 49.00 | OK | |||
r-oldrel-macos-x86_64 | 3.3.2 | 86.00 | OK | |||
r-oldrel-windows-x86_64 | 3.3.2 | 38.00 | 109.00 | 147.00 | OK |
Version: 3.3.2
Check: Rd files
Result: NOTE
checkRd: (-1) predict.spT.Rd:36: Lost braces
36 | \item{...}{Other values "obsData", "fittedData" and "residuals" are provided only for temporal prediction. This is to analyse the code{spTimer} forecast output using package \code{forecast} through function \code{\link{as.forecast.object}}.}
| ^
Flavors: r-devel-linux-x86_64-debian-clang, r-devel-linux-x86_64-debian-gcc, r-devel-linux-x86_64-fedora-clang, r-devel-linux-x86_64-fedora-gcc, r-devel-windows-x86_64, r-patched-linux-x86_64, r-release-linux-x86_64, r-release-macos-arm64, r-release-windows-x86_64