CRAN Package Check Results for Package shiny.blueprint

Last updated on 2025-10-23 08:50:09 CEST.

Flavor Version Tinstall Tcheck Ttotal Status Flags
r-devel-linux-x86_64-debian-clang 0.3.0 2.36 35.91 38.27 NOTE
r-devel-linux-x86_64-debian-gcc 0.3.0 2.27 28.97 31.24 OK
r-devel-linux-x86_64-fedora-clang 0.3.0 23.00 40.04 63.04 OK
r-devel-linux-x86_64-fedora-gcc 0.3.0 30.00 45.61 75.61 OK
r-devel-windows-x86_64 0.3.0 7.00 64.00 71.00 OK
r-patched-linux-x86_64 0.3.0 4.05 33.03 37.08 OK
r-release-linux-x86_64 0.3.0 2.79 33.41 36.20 OK
r-release-macos-arm64 0.3.0 2.00 25.00 27.00 OK
r-release-macos-x86_64 0.3.0 3.00 47.00 50.00 OK
r-release-windows-x86_64 0.3.0 7.00 64.00 71.00 OK
r-oldrel-macos-arm64 0.3.0 2.00 27.00 29.00 OK
r-oldrel-macos-x86_64 0.3.0 3.00 39.00 42.00 OK
r-oldrel-windows-x86_64 0.3.0 7.00 73.00 80.00 OK

Check Details

Version: 0.3.0
Check: HTML version of manual
Result: NOTE Found the following HTML validation problems: Toaster.html:194:1 (Toaster.Rd:100): Warning: missing </ul> before </div> Toaster.html:103:1 (Toaster.Rd:51): Warning: <h5> anchor "Usage" already defined Toaster.html:109:1 (Toaster.Rd:55): Warning: <h5> anchor "Arguments" already defined Toaster.html:124:1 (Toaster.Rd:64): Warning: <h5> anchor "Returns" already defined Toaster.html:141:1 (Toaster.Rd:73): Warning: <h5> anchor "Usage" already defined Toaster.html:147:1 (Toaster.Rd:77): Warning: <h5> anchor "Returns" already defined Toaster.html:164:1 (Toaster.Rd:86): Warning: <h5> anchor "Usage" already defined Toaster.html:170:1 (Toaster.Rd:90): Warning: <h5> anchor "Arguments" already defined Toaster.html:183:1 (Toaster.Rd:97): Warning: <h5> anchor "Returns" already defined Flavor: r-devel-linux-x86_64-debian-clang