Last updated on 2025-10-21 04:50:32 CEST.
Flavor | Version | Tinstall | Tcheck | Ttotal | Status | Flags |
---|---|---|---|---|---|---|
r-devel-linux-x86_64-debian-clang | 0.4-2 | 11.38 | 40.22 | 51.60 | OK | |
r-devel-linux-x86_64-debian-gcc | 0.4-2 | 8.99 | 31.36 | 40.35 | NOTE | |
r-devel-linux-x86_64-fedora-clang | 0.4-2 | 80.45 | OK | |||
r-devel-linux-x86_64-fedora-gcc | 0.4-2 | 76.71 | OK | |||
r-devel-windows-x86_64 | 0.4-2 | 13.00 | 52.00 | 65.00 | OK | |
r-patched-linux-x86_64 | 0.4-2 | 12.72 | 36.48 | 49.20 | OK | |
r-release-linux-x86_64 | 0.4-2 | 13.30 | 35.91 | 49.21 | OK | |
r-release-macos-arm64 | 0.4-2 | 28.00 | OK | |||
r-release-macos-x86_64 | 0.4-2 | 78.00 | OK | |||
r-release-windows-x86_64 | 0.4-2 | 14.00 | 55.00 | 69.00 | OK | |
r-oldrel-macos-arm64 | 0.4-2 | 28.00 | OK | |||
r-oldrel-macos-x86_64 | 0.4-2 | 42.00 | OK | |||
r-oldrel-windows-x86_64 | 0.4-2 | 19.00 | 64.00 | 83.00 | OK |
Version: 0.4-2
Check: top-level files
Result: NOTE
Found the following validation problem for the NEWS.Rd HTML conversion:
NEWS.html:393:1 (inst/NEWS.Rd:274): Warning: missing </ul> before </div>
NEWS.html:67:1 (inst/NEWS.Rd:37): Warning: <h4> anchor "MINOR-CHANGES" already defined
NEWS.html:96:1 (inst/NEWS.Rd:61): Warning: <h4> anchor "BUG-FIXES" already defined
NEWS.html:114:1 (inst/NEWS.Rd:75): Warning: <h4> anchor "MINOR-CHANGES" already defined
NEWS.html:127:1 (inst/NEWS.Rd:85): Warning: <h4> anchor "BUG-FIXES" already defined
NEWS.html:146:1 (inst/NEWS.Rd:99): Warning: <h4> anchor "MINOR-CHANGES" already defined
NEWS.html:166:1 (inst/NEWS.Rd:115): Warning: <h4> anchor "BUG-FIXES" already defined
NEWS.html:205:1 (inst/NEWS.Rd:144): Warning: <h4> anchor "BUG-FIXES" already defined
NEWS.html:221:1 (inst/NEWS.Rd:155): Warning: <h4> anchor "MINOR-CHANGES" already defined
NEWS.html:236:1 (inst/NEWS.Rd:165): Warning: <h4> anchor "BUG-FIXES" already defined
NEWS.html:258:1 (inst/NEWS.Rd:181): Warning: <h4> anchor "MINOR-CHANGES" already defined
NEWS.html:299:1 (inst/NEWS.Rd:211): Warning: <h4> anchor "BUG-FIXES" already defined
NEWS.html:328:1 (inst/NEWS.Rd:231): Warning: <h4> anchor "BUG-FIXES" already defined
NEWS.html:351:1 (inst/NEWS.Rd:247): Warning: <h4> anchor "BUG-FIXES" already defined
NEWS.html:368:1 (inst/NEWS.Rd:259): Warning: <h4> anchor "NEW-FEATURES" already defined
Flavor: r-devel-linux-x86_64-debian-gcc