Last updated on 2025-01-18 12:56:45 CET.
Flavor | Version | Tinstall | Tcheck | Ttotal | Status | Flags |
---|---|---|---|---|---|---|
r-devel-linux-x86_64-debian-clang | 1.1.3 | 45.79 | 220.78 | 266.57 | OK | |
r-devel-linux-x86_64-debian-gcc | 1.1.3 | 34.35 | 135.50 | 169.85 | OK | |
r-devel-linux-x86_64-fedora-clang | 1.1.3 | 458.05 | OK | |||
r-devel-linux-x86_64-fedora-gcc | 1.1.3 | 461.94 | OK | |||
r-devel-windows-x86_64 | 1.1.3 | 48.00 | 301.00 | 349.00 | OK | |
r-patched-linux-x86_64 | 1.1.3 | 46.10 | 209.73 | 255.83 | OK | |
r-release-linux-x86_64 | 1.1.3 | 47.29 | 206.04 | 253.33 | OK | |
r-release-macos-arm64 | 1.1.3 | 131.00 | NOTE | |||
r-release-macos-x86_64 | 1.1.3 | 255.00 | NOTE | |||
r-release-windows-x86_64 | 1.1.3 | 50.00 | 284.00 | 334.00 | OK | |
r-oldrel-macos-arm64 | 1.1.3 | 144.00 | NOTE | |||
r-oldrel-macos-x86_64 | 1.1.3 | 246.00 | NOTE | |||
r-oldrel-windows-x86_64 | 1.1.3 | 58.00 | 342.00 | 400.00 | OK |
Version: 1.1.3
Check: installed package size
Result: NOTE
installed size is 6.1Mb
sub-directories of 1Mb or more:
libs 3.9Mb
Flavors: r-release-macos-arm64, r-release-macos-x86_64, r-oldrel-macos-arm64, r-oldrel-macos-x86_64