Last updated on 2025-10-21 04:50:31 CEST.
Flavor | Version | Tinstall | Tcheck | Ttotal | Status | Flags |
---|---|---|---|---|---|---|
r-devel-linux-x86_64-debian-clang | 1.1.2 | 8.42 | 55.74 | 64.16 | OK | |
r-devel-linux-x86_64-debian-gcc | 1.1.2 | 5.56 | 41.34 | 46.90 | NOTE | |
r-devel-linux-x86_64-fedora-clang | 1.1.2 | 99.63 | OK | |||
r-devel-linux-x86_64-fedora-gcc | 1.1.2 | 94.31 | OK | |||
r-devel-windows-x86_64 | 1.1.2 | 11.00 | 90.00 | 101.00 | OK | |
r-patched-linux-x86_64 | 1.1.2 | 7.49 | 52.44 | 59.93 | OK | |
r-release-linux-x86_64 | 1.1.2 | 6.89 | 52.19 | 59.08 | OK | |
r-release-macos-arm64 | 1.1.2 | 37.00 | OK | |||
r-release-macos-x86_64 | 1.1.2 | 68.00 | OK | |||
r-release-windows-x86_64 | 1.1.2 | 14.00 | 92.00 | 106.00 | OK | |
r-oldrel-macos-arm64 | 1.1.2 | 39.00 | OK | |||
r-oldrel-macos-x86_64 | 1.1.2 | 65.00 | OK | |||
r-oldrel-windows-x86_64 | 1.1.2 | 14.00 | 104.00 | 118.00 | OK |
Version: 1.1.2
Check: HTML version of manual
Result: NOTE
Found the following HTML validation problems:
S3FileResourceGetter.html:211:1 (S3FileResourceGetter.Rd:112): Warning: missing </ul> before </div>
S3FileResourceGetter.html:114:1 (S3FileResourceGetter.Rd:59): Warning: <h5> anchor "Usage" already defined
S3FileResourceGetter.html:133:1 (S3FileResourceGetter.Rd:70): Warning: <h5> anchor "Returns" already defined
S3FileResourceGetter.html:150:1 (S3FileResourceGetter.Rd:79): Warning: <h5> anchor "Usage" already defined
S3FileResourceGetter.html:156:1 (S3FileResourceGetter.Rd:83): Warning: <h5> anchor "Arguments" already defined
S3FileResourceGetter.html:171:1 (S3FileResourceGetter.Rd:92): Warning: <h5> anchor "Returns" already defined
S3FileResourceGetter.html:188:1 (S3FileResourceGetter.Rd:101): Warning: <h5> anchor "Usage" already defined
S3FileResourceGetter.html:194:1 (S3FileResourceGetter.Rd:105): Warning: <h5> anchor "Arguments" already defined
S3SparkResourceConnector.html:338:1 (S3SparkResourceConnector.Rd:179): Warning: missing </ul> before </div>
S3SparkResourceConnector.html:116:1 (S3SparkResourceConnector.Rd:53): Warning: <h5> anchor "Usage" already defined
S3SparkResourceConnector.html:135:1 (S3SparkResourceConnector.Rd:64): Warning: <h5> anchor "Returns" already defined
S3SparkResourceConnector.html:152:1 (S3SparkResourceConnector.Rd:73): Warning: <h5> anchor "Usage" already defined
S3SparkResourceConnector.html:158:1 (S3SparkResourceConnector.Rd:77): Warning: <h5> anchor "Arguments" already defined
S3SparkResourceConnector.html:171:1 (S3SparkResourceConnector.Rd:84): Warning: <h5> anchor "Returns" already defined
S3SparkResourceConnector.html:188:1 (S3SparkResourceConnector.Rd:93): Warning: <h5> anchor "Usage" already defined
S3SparkResourceConnector.html:194:1 (S3SparkResourceConnector.Rd:97): Warning: <h5> anchor "Arguments" already defined
S3SparkResourceConnector.html:207:1 (S3SparkResourceConnector.Rd:104): Warning: <h5> anchor "Returns" already defined
S3SparkResourceConnector.html:224:1 (S3SparkResourceConnector.Rd:113): Warning: <h5> anchor "Usage" already defined
S3SparkResourceConnector.html:230:1 (S3SparkResourceConnector.Rd:117): Warning: <h5> anchor "Arguments" already defined
S3SparkResourceConnector.html:255:1 (S3SparkResourceConnector.Rd:132): Warning: <h5> anchor "Usage" already defined
S3SparkResourceConnector.html:261:1 (S3SparkResourceConnector.Rd:136): Warning: <h5> anchor "Arguments" already defined
S3SparkResourceConnector.html:286:1 (S3SparkResourceConnector.Rd:151): Warning: <h5> anchor "Usage" already defined
S3SparkResourceConnector.html:292:1 (S3SparkResourceConnector.Rd:155): Warning: <h5> anchor "Arguments" already defined
S3SparkResourceConnector.html:315:1 (S3SparkResourceConnector.Rd:168): Warning: <h5> anchor "Usage" already defined
S3SparkResourceConnector.html:321:1 (S3SparkResourceConnector.Rd:172): Warning: <h5> anchor "Arguments" already defined
Flavor: r-devel-linux-x86_64-debian-gcc