Last updated on 2025-10-24 04:51:08 CEST.
| Flavor | Version | Tinstall | Tcheck | Ttotal | Status | Flags |
|---|---|---|---|---|---|---|
| r-devel-linux-x86_64-debian-clang | 1.0.1 | 3.05 | 97.31 | 100.36 | NOTE | |
| r-devel-linux-x86_64-debian-gcc | 1.0.1 | 2.30 | 67.00 | 69.30 | NOTE | |
| r-devel-linux-x86_64-fedora-clang | 1.0.1 | 155.74 | OK | |||
| r-devel-linux-x86_64-fedora-gcc | 1.0.1 | 175.81 | OK | |||
| r-devel-windows-x86_64 | 1.0.1 | 6.00 | 144.00 | 150.00 | OK | |
| r-patched-linux-x86_64 | 1.0.1 | 3.25 | 96.96 | 100.21 | OK | |
| r-release-linux-x86_64 | 1.0.1 | 2.84 | 101.86 | 104.70 | OK | |
| r-release-macos-arm64 | 1.0.1 | 3.00 | 56.00 | 59.00 | OK | |
| r-release-macos-x86_64 | 1.0.1 | 5.00 | 142.00 | 147.00 | OK | |
| r-release-windows-x86_64 | 1.0.1 | 6.00 | 147.00 | 153.00 | OK | |
| r-oldrel-macos-arm64 | 1.0.1 | 2.00 | 56.00 | 58.00 | OK | |
| r-oldrel-macos-x86_64 | 1.0.1 | 4.00 | 99.00 | 103.00 | OK | |
| r-oldrel-windows-x86_64 | 1.0.1 | 9.00 | 183.00 | 192.00 | OK |
Version: 1.0.1
Check: CRAN incoming feasibility
Result: NOTE
Maintainer: ‘Peter Hoff <peter.hoff@duke.edu>’
No Authors@R field in DESCRIPTION.
Please add one, modifying
Authors@R: c(person(given = "Peter",
family = "Hoff",
role = c("aut", "cre"),
email = "peter.hoff@duke.edu"),
person(given = "Alexander",
family = "Franks",
role = "aut"))
as necessary.
Flavors: r-devel-linux-x86_64-debian-clang, r-devel-linux-x86_64-debian-gcc
Version: 1.0.1
Check: HTML version of manual
Result: NOTE
Found the following HTML validation problems:
tr.html:46:1 (tr.Rd:10): Warning: missing </ul> before </div>
Flavor: r-devel-linux-x86_64-debian-clang