Last updated on 2025-10-22 05:51:25 CEST.
Flavor | Version | Tinstall | Tcheck | Ttotal | Status | Flags |
---|---|---|---|---|---|---|
r-devel-linux-x86_64-debian-clang | 0.1.8 | 5.76 | 48.57 | 54.33 | NOTE | |
r-devel-linux-x86_64-debian-gcc | 0.1.8 | 4.34 | 35.13 | 39.47 | NOTE | |
r-devel-linux-x86_64-fedora-clang | 0.1.8 | 11.00 | 71.58 | 82.58 | NOTE | |
r-devel-linux-x86_64-fedora-gcc | 0.1.8 | 29.00 | 69.53 | 98.53 | NOTE | |
r-devel-windows-x86_64 | 0.1.8 | 11.00 | 67.00 | 78.00 | NOTE | |
r-patched-linux-x86_64 | 0.1.8 | 5.50 | 45.06 | 50.56 | NOTE | |
r-release-linux-x86_64 | 0.1.8 | 4.90 | 44.13 | 49.03 | NOTE | |
r-release-macos-arm64 | 0.1.8 | 4.00 | 40.00 | 44.00 | NOTE | |
r-release-macos-x86_64 | 0.1.8 | 10.00 | 68.00 | 78.00 | NOTE | |
r-release-windows-x86_64 | 0.1.8 | 12.00 | 68.00 | 80.00 | NOTE | |
r-oldrel-macos-arm64 | 0.1.8 | 4.00 | 45.00 | 49.00 | OK | |
r-oldrel-macos-x86_64 | 0.1.8 | 6.00 | 79.00 | 85.00 | OK | |
r-oldrel-windows-x86_64 | 0.1.8 | 12.00 | 80.00 | 92.00 | OK |
Version: 0.1.8
Check: DESCRIPTION meta-information
Result: NOTE
Missing dependency on R >= 4.1.0 because package code uses the pipe
|> or function shorthand \(...) syntax added in R 4.1.0.
File(s) using such syntax:
‘decrypt.Rd’ ‘encrypt.Rd’ ‘encrypt_raw.Rd’
Flavors: r-devel-linux-x86_64-debian-clang, r-devel-linux-x86_64-debian-gcc, r-devel-linux-x86_64-fedora-clang, r-devel-linux-x86_64-fedora-gcc, r-devel-windows-x86_64, r-patched-linux-x86_64, r-release-linux-x86_64, r-release-macos-arm64, r-release-macos-x86_64, r-release-windows-x86_64