Last updated on 2025-10-24 04:51:07 CEST.
| Flavor | Version | Tinstall | Tcheck | Ttotal | Status | Flags |
|---|---|---|---|---|---|---|
| r-devel-linux-x86_64-debian-clang | 0.3.1 | 3.18 | 34.14 | 37.32 | NOTE | |
| r-devel-linux-x86_64-debian-gcc | 0.3.1 | 2.58 | 26.74 | 29.32 | OK | |
| r-devel-linux-x86_64-fedora-clang | 0.3.1 | 54.34 | OK | |||
| r-devel-linux-x86_64-fedora-gcc | 0.3.1 | 13.00 | 39.82 | 52.82 | OK | |
| r-devel-windows-x86_64 | 0.3.1 | 5.00 | 58.00 | 63.00 | OK | |
| r-patched-linux-x86_64 | 0.3.1 | 3.52 | 31.15 | 34.67 | OK | |
| r-release-linux-x86_64 | 0.3.1 | 3.53 | 31.32 | 34.85 | OK | |
| r-release-macos-arm64 | 0.3.1 | 2.00 | 26.00 | 28.00 | OK | |
| r-release-macos-x86_64 | 0.3.1 | 4.00 | 67.00 | 71.00 | OK | |
| r-release-windows-x86_64 | 0.3.1 | 6.00 | 59.00 | 65.00 | OK | |
| r-oldrel-macos-arm64 | 0.3.1 | 2.00 | 19.00 | 21.00 | NOTE | |
| r-oldrel-macos-x86_64 | 0.3.1 | 2.00 | 27.00 | 29.00 | NOTE | |
| r-oldrel-windows-x86_64 | 0.3.1 | 7.00 | 65.00 | 72.00 | NOTE |
Version: 0.3.1
Check: HTML version of manual
Result: NOTE
Found the following HTML validation problems:
convert_to_local_time.html:52:1 (convert_to_local_time.Rd:12): Warning: missing </ul> before </div>
Flavor: r-devel-linux-x86_64-debian-clang
Version: 0.3.1
Check: LazyData
Result: NOTE
'LazyData' is specified without a 'data' directory
Flavors: r-oldrel-macos-arm64, r-oldrel-macos-x86_64, r-oldrel-windows-x86_64