Last updated on 2025-10-22 05:51:25 CEST.
Flavor | Version | Tinstall | Tcheck | Ttotal | Status | Flags |
---|---|---|---|---|---|---|
r-devel-linux-x86_64-debian-clang | 0.3.8 | 7.00 | 74.98 | 81.98 | NOTE | |
r-devel-linux-x86_64-debian-gcc | 0.3.8 | 4.50 | 53.11 | 57.61 | NOTE | |
r-devel-linux-x86_64-fedora-clang | 0.3.8 | 15.00 | 106.37 | 121.37 | NOTE | |
r-devel-linux-x86_64-fedora-gcc | 0.3.8 | 32.00 | 103.86 | 135.86 | NOTE | |
r-devel-windows-x86_64 | 0.3.8 | 9.00 | 87.00 | 96.00 | NOTE | |
r-patched-linux-x86_64 | 0.3.8 | 6.49 | 69.29 | 75.78 | NOTE | |
r-release-linux-x86_64 | 0.3.8 | 6.82 | 67.82 | 74.64 | NOTE | |
r-release-macos-arm64 | 0.3.8 | 3.00 | 35.00 | 38.00 | NOTE | |
r-release-macos-x86_64 | 0.3.8 | 6.00 | 65.00 | 71.00 | NOTE | |
r-release-windows-x86_64 | 0.3.8 | 10.00 | 86.00 | 96.00 | NOTE | |
r-oldrel-macos-arm64 | 0.3.8 | 3.00 | 34.00 | 37.00 | NOTE | |
r-oldrel-macos-x86_64 | 0.3.8 | 5.00 | 52.00 | 57.00 | NOTE | |
r-oldrel-windows-x86_64 | 0.3.8 | 12.00 | 105.00 | 117.00 | NOTE |
Version: 0.3.8
Check: Rd files
Result: NOTE
checkRd: (-1) fs_search.Rd:76: Lost braces
76 | \\code{\link{fs_auth}} \code{\link{fs_browse}}
| ^
Flavors: r-devel-linux-x86_64-debian-clang, r-devel-linux-x86_64-debian-gcc, r-devel-linux-x86_64-fedora-clang, r-devel-linux-x86_64-fedora-gcc, r-devel-windows-x86_64, r-patched-linux-x86_64, r-release-linux-x86_64, r-release-macos-arm64, r-release-macos-x86_64, r-release-windows-x86_64, r-oldrel-macos-arm64, r-oldrel-macos-x86_64, r-oldrel-windows-x86_64
Version: 0.3.8
Check: HTML version of manual
Result: NOTE
Found the following HTML validation problems:
fs_add_author.html:54:1 (fs_add_author.Rd:14): Warning: missing </ul> before </div>
Flavors: r-devel-linux-x86_64-debian-clang, r-devel-linux-x86_64-debian-gcc