Last updated on 2024-05-21 03:55:28 CEST.
Flavor | Version | Tinstall | Tcheck | Ttotal | Status | Flags |
---|---|---|---|---|---|---|
r-devel-linux-x86_64-debian-clang | 1.0.6 | 1.95 | 23.55 | 25.50 | OK | |
r-devel-linux-x86_64-debian-gcc | 1.0.6 | 1.69 | 18.41 | 20.10 | OK | |
r-devel-linux-x86_64-fedora-clang | 1.0.6 | 32.45 | NOTE | |||
r-devel-linux-x86_64-fedora-gcc | 1.0.6 | 30.72 | OK | |||
r-devel-windows-x86_64 | 1.0.6 | 2.00 | 42.00 | 44.00 | OK | |
r-patched-linux-x86_64 | 1.0.6 | 2.08 | 22.56 | 24.64 | OK | |
r-release-linux-x86_64 | 1.0.6 | 2.14 | 22.81 | 24.95 | OK | |
r-release-macos-arm64 | 1.0.6 | 14.00 | OK | |||
r-release-macos-x86_64 | 1.0.6 | 30.00 | OK | |||
r-release-windows-x86_64 | 1.0.6 | 3.00 | 42.00 | 45.00 | OK | |
r-oldrel-macos-arm64 | 1.0.6 | 20.00 | OK | |||
r-oldrel-macos-x86_64 | 1.0.6 | 28.00 | OK | |||
r-oldrel-windows-x86_64 | 1.0.6 | 3.00 | 41.00 | 44.00 | OK |
Version: 1.0.6
Check: Rd cross-references
Result: NOTE
Undeclared package ‘robustbase’ in Rd xrefs
Flavor: r-devel-linux-x86_64-fedora-clang