Last updated on 2025-10-23 08:50:06 CEST.
Flavor | Version | Tinstall | Tcheck | Ttotal | Status | Flags |
---|---|---|---|---|---|---|
r-devel-linux-x86_64-debian-clang | 1.9.5 | 60.90 | 85.29 | 146.19 | NOTE | |
r-devel-linux-x86_64-debian-gcc | 1.9.5 | 35.35 | 58.01 | 93.36 | OK | |
r-devel-linux-x86_64-fedora-clang | 1.9.5 | 92.00 | 156.02 | 248.02 | OK | |
r-devel-linux-x86_64-fedora-gcc | 1.9.5 | 91.00 | 146.12 | 237.12 | OK | |
r-devel-windows-x86_64 | 1.9.5 | 69.00 | 109.00 | 178.00 | OK | |
r-patched-linux-x86_64 | 1.9.5 | 58.75 | 80.28 | 139.03 | OK | |
r-release-linux-x86_64 | 1.9.5 | 56.78 | 80.12 | 136.90 | OK | |
r-release-macos-arm64 | 1.9.5 | 20.00 | 52.00 | 72.00 | OK | |
r-release-macos-x86_64 | 1.9.5 | 30.00 | 88.00 | 118.00 | OK | |
r-release-windows-x86_64 | 1.9.5 | 69.00 | 113.00 | 182.00 | OK | |
r-oldrel-macos-arm64 | 1.9.5 | 21.00 | 42.00 | 63.00 | OK | |
r-oldrel-macos-x86_64 | 1.9.5 | 25.00 | 70.00 | 95.00 | OK | |
r-oldrel-windows-x86_64 | 1.9.5 | 79.00 | 144.00 | 223.00 | OK |
Version: 1.9.5
Check: HTML version of manual
Result: NOTE
Found the following HTML validation problems:
rcpp_RAMmult.html:78:1 (rcpp_RAMmult.Rd:26): Warning: missing </ul> before </div>
rcpp_fit_fun.html:108:1 (rcpp_fit_fun.Rd:48): Warning: missing </ul> before </div>
rcpp_grad_ram.html:103:1 (rcpp_grad_ram.Rd:45): Warning: missing </ul> before </div>
rcpp_quasi_calc.html:58:1 (rcpp_quasi_calc.Rd:16): Warning: missing </ul> before </div>
stabsel_par.html:138:1 (stabsel_par.Rd:66): Warning: missing </ul> before </div>
Flavor: r-devel-linux-x86_64-debian-clang