Last updated on 2024-05-09 03:52:37 CEST.
Flavor | Version | Tinstall | Tcheck | Ttotal | Status | Flags |
---|---|---|---|---|---|---|
r-devel-linux-x86_64-debian-clang | 1.0.1 | 188.73 | 63.87 | 252.60 | OK | |
r-devel-linux-x86_64-debian-gcc | 1.0.1 | 133.64 | 44.75 | 178.39 | OK | |
r-devel-linux-x86_64-fedora-clang | 1.0.1 | 374.21 | OK | |||
r-devel-linux-x86_64-fedora-gcc | 1.0.1 | 407.71 | OK | |||
r-devel-windows-x86_64 | 1.0.1 | 139.00 | 83.00 | 222.00 | OK | |
r-patched-linux-x86_64 | 1.0.1 | 179.32 | 56.78 | 236.10 | OK | |
r-release-linux-x86_64 | 1.0.1 | 169.32 | 60.93 | 230.25 | OK | |
r-release-macos-arm64 | 1.0.1 | 77.00 | NOTE | |||
r-release-macos-x86_64 | 1.0.1 | 92.00 | NOTE | |||
r-release-windows-x86_64 | 1.0.1 | 143.00 | 88.00 | 231.00 | OK | |
r-oldrel-macos-arm64 | 1.0.1 | 68.00 | NOTE | |||
r-oldrel-macos-x86_64 | 1.0.1 | 98.00 | NOTE | |||
r-oldrel-windows-x86_64 | 1.0.1 | 174.00 | 98.00 | 272.00 | OK |
Version: 1.0.1
Check: installed package size
Result: NOTE
installed size is 7.3Mb
sub-directories of 1Mb or more:
data 2.4Mb
libs 4.8Mb
Flavors: r-release-macos-arm64, r-release-macos-x86_64, r-oldrel-macos-arm64, r-oldrel-macos-x86_64