Last updated on 2025-10-21 04:50:28 CEST.
Flavor | Version | Tinstall | Tcheck | Ttotal | Status | Flags |
---|---|---|---|---|---|---|
r-devel-linux-x86_64-debian-clang | 1.5.1 | 14.08 | 368.32 | 382.40 | OK | |
r-devel-linux-x86_64-debian-gcc | 1.5.1 | 8.42 | 286.87 | 295.29 | NOTE | |
r-devel-linux-x86_64-fedora-clang | 1.5.1 | 592.42 | OK | |||
r-devel-linux-x86_64-fedora-gcc | 1.5.1 | 639.54 | OK | |||
r-devel-windows-x86_64 | 1.5.1 | 16.00 | 452.00 | 468.00 | OK | |
r-patched-linux-x86_64 | 1.5.1 | 16.67 | 403.73 | 420.40 | OK | |
r-release-linux-x86_64 | 1.5.1 | 12.59 | 397.05 | 409.64 | OK | |
r-release-macos-arm64 | 1.5.1 | 163.00 | OK | |||
r-release-macos-x86_64 | 1.5.1 | 405.00 | OK | |||
r-release-windows-x86_64 | 1.5.1 | 14.00 | 412.00 | 426.00 | OK | |
r-oldrel-macos-arm64 | 1.5.1 | 166.00 | OK | |||
r-oldrel-macos-x86_64 | 1.5.1 | 385.00 | OK | |||
r-oldrel-windows-x86_64 | 1.5.1 | 17.00 | 427.00 | 444.00 | OK |
Version: 1.5.1
Check: HTML version of manual
Result: NOTE
Found the following HTML validation problems:
QR_decomp.html:47:1 (QR_decomp.Rd:10): Warning: missing </ul> before </div>
Stack.html:151:1 (Stack.Rd:75): Warning: missing </ul> before </div>
Stack.html:98:1 (Stack.Rd:46): Warning: <h5> anchor "Usage" already defined
Stack.html:104:1 (Stack.Rd:50): Warning: <h5> anchor "Arguments" already defined
Stack.html:128:1 (Stack.Rd:64): Warning: <h5> anchor "Usage" already defined
Stack.html:134:1 (Stack.Rd:68): Warning: <h5> anchor "Arguments" already defined
add_class.html:51:1 (add_class.Rd:12): Warning: missing </ul> before </div>
apply_delta.html:60:1 (apply_delta.Rd:17): Warning: missing </ul> before </div>
as_analysis.html:66:1 (as_analysis.Rd:21): Warning: missing </ul> before </div>
as_ascii_table.html:57:1 (as_ascii_table.Rd:14): Warning: missing </ul> before </div>
as_class.html:50:1 (as_class.Rd:12): Warning: missing </ul> before </div>
as_cropped_char.html:55:1 (as_cropped_char.Rd:14): Warning: missing </ul> before </div>
as_dataframe.html:49:1 (as_dataframe.Rd:13): Warning: missing </ul> before </div>
as_imputation.html:62:1 (as_imputation.Rd:18): Warning: missing </ul> before </div>
as_mmrm_df.html:83:1 (as_mmrm_df.Rd:22): Warning: missing </ul> before </div>
as_stan_array.html:48:1 (as_stan_array.Rd:10): Warning: missing </ul> before </div>
assert_variables_exist.html:50:1 (assert_variables_exist.Rd:12): Warning: missing </ul> before </div>
char2fct.html:52:1 (char2fct.Rd:12): Warning: missing </ul> before </div>
convert_to_imputation_list_df.html:113:1 (convert_to_imputation_list_df.Rd:76): Warning: missing </ul> before </div>
fit_mmrm.html:92:1 (fit_mmrm.Rd:39): Warning: missing </ul> before </div>
get_bootstrap_stack.html:55:1 (get_bootstrap_stack.Rd:14): Warning: missing </ul> before </div>
get_delta_template.html:48:1 (get_delta_template.Rd:10): Warning: missing </ul> before </div>
get_jackknife_stack.html:55:1 (get_jackknife_stack.Rd:14): Warning: missing </ul> before </div>
get_pool_components.html:48:1 (get_pool_components.Rd:11): Warning: missing </ul> before </div>
get_visit_distribution_parameters.html:62:1 (get_visit_distribution_parameters.Rd:18): Warning: missing </ul> before </div>
imputation_df.html:46:1 (imputation_df.Rd:10): Warning: missing </ul> before </div>
imputation_list_df.html:46:1 (imputation_list_df.Rd:10): Warning: missing </ul> before </div>
imputation_list_single.html:59:1 (imputation_list_single.Rd:21): Warning: missing </ul> before </div>
imputation_single.html:50:1 (imputation_single.Rd:12): Warning: missing </ul> before </div>
impute_internal.html:78:1 (impute_internal.Rd:33): Warning: missing </ul> before </div>
impute_outcome.html:57:1 (impute_outcome.Rd:17): Warning: missing </ul> before </div>
invert.html:47:1 (invert.Rd:10): Warning: missing </ul> before </div>
is_absent.html:56:1 (is_absent.Rd:14): Warning: missing </ul> before </div>
is_char_fact.html:46:1 (is_char_fact.Rd:10): Warning: missing </ul> before </div>
is_char_one.html:46:1 (is_char_one.Rd:10): Warning: missing </ul> before </div>
is_num_char_fact.html:46:1 (is_num_char_fact.Rd:10): Warning: missing </ul> before </div>
longDataConstructor.html:552:1 (longDataConstructor.Rd:363): Warning: missing </ul> before </div>
longDataConstructor.html:270:1 (longDataConstructor.Rd:194): Warning: <h5> anchor "Usage" already defined
longDataConstructor.html:276:1 (longDataConstructor.Rd:198): Warning: <h5> anchor "Arguments" already defined
longDataConstructor.html:299:1 (longDataConstructor.Rd:211): Warning: <h5> anchor "Usage" already defined
longDataConstructor.html:305:1 (longDataConstructor.Rd:215): Warning: <h5> anchor "Arguments" already defined
longDataConstructor.html:318:1 (longDataConstructor.Rd:222): Warning: <h5> anchor "Returns" already defined
longDataConstructor.html:337:1 (longDataConstructor.Rd:233): Warning: <h5> anchor "Usage" already defined
longDataConstructor.html:343:1 (longDataConstructor.Rd:237): Warning: <h5> anchor "Returns" already defined
longDataConstructor.html:361:1 (longDataConstructor.Rd:247): Warning: <h5> anchor "Usage" already defined
longDataConstructor.html:367:1 (longDataConstructor.Rd:251): Warning: <h5> anchor "Arguments" already defined
longDataConstructor.html:391:1 (longDataConstructor.Rd:265): Warning: <h5> anchor "Usage" already defined
longDataConstructor.html:397:1 (longDataConstructor.Rd:269): Warning: <h5> anchor "Arguments" already defined
longDataConstructor.html:421:1 (longDataConstructor.Rd:283): Warning: <h5> anchor "Usage" already defined
longDataConstructor.html:427:1 (longDataConstructor.Rd:287): Warning: <h5> anchor "Arguments" already defined
longDataConstructor.html:442:1 (longDataConstructor.Rd:296): Warning: <h5> anchor "Details" already defined
longDataConstructor.html:464:1 (longDataConstructor.Rd:311): Warning: <h5> anchor "Usage" already defined
longDataConstructor.html:482:1 (longDataConstructor.Rd:323): Warning: <h5> anchor "Usage" already defined
longDataConstructor.html:498:1 (longDataConstructor.Rd:333): Warning: <h5> anchor "Usage" already defined
longDataConstructor.html:504:1 (longDataConstructor.Rd:337): Warning: <h5> anchor "Arguments" already defined
longDataConstructor.html:529:1 (longDataConstructor.Rd:352): Warning: <h5> anchor "Usage" already defined
longDataConstructor.html:535:1 (longDataConstructor.Rd:356): Warning: <h5> anchor "Arguments" already defined
ls_design.html:63:1 (ls_design.Rd:21): Warning: missing </ul> before </div>
mcse_internal.html:73:1 (mcse_internal.Rd:30): Warning: missing </ul> before </div>
par_lapply.html:59:1 (par_lapply.Rd:16): Warning: missing </ul> before </div>
parametric_ci.html:73:1 (parametric_ci.Rd:24): Warning: missing </ul> before </div>
pool_internal.html:88:1 (pool_internal.Rd:43): Warning: missing </ul> before </div>
print.analysis.html:51:1 (print.analysis.Rd:12): Warning: missing </ul> before </div>
print.draws.html:51:1 (print.draws.Rd:12): Warning: missing </ul> before </div>
print.imputation.html:51:1 (print.imputation.Rd:12): Warning: missing </ul> before </div>
progressLogger.html:191:1 (progressLogger.Rd:107): Warning: missing </ul> before </div>
progressLogger.html:123:1 (progressLogger.Rd:69): Warning: <h5> anchor "Usage" already defined
progressLogger.html:129:1 (progressLogger.Rd:73): Warning: <h5> anchor "Arguments" already defined
progressLogger.html:152:1 (progressLogger.Rd:86): Warning: <h5> anchor "Usage" already defined
progressLogger.html:168:1 (progressLogger.Rd:96): Warning: <h5> anchor "Usage" already defined
progressLogger.html:174:1 (progressLogger.Rd:100): Warning: <h5> anchor "Arguments" already defined
recursive_reduce.html:52:1 (recursive_reduce.Rd:13): Warning: missing </ul> before </div>
remove_if_all_missing.html:48:1 (remove_if_all_missing.Rd:10): Warning: missing </ul> before </div>
sample_list.html:47:1 (sample_list.Rd:10): Warning: missing </ul> before </div>
sample_mvnorm.html:56:1 (sample_mvnorm.Rd:18): Warning: missing </ul> before </div>
scalerConstructor.html:268:1 (scalerConstructor.Rd:150): Warning: missing </ul> before </div>
scalerConstructor.html:136:1 (scalerConstructor.Rd:74): Warning: <h5> anchor "Usage" already defined
scalerConstructor.html:142:1 (scalerConstructor.Rd:78): Warning: <h5> anchor "Arguments" already defined
scalerConstructor.html:170:1 (scalerConstructor.Rd:96): Warning: <h5> anchor "Usage" already defined
scalerConstructor.html:176:1 (scalerConstructor.Rd:100): Warning: <h5> anchor "Arguments" already defined
scalerConstructor.html:209:1 (scalerConstructor.Rd:119): Warning: <h5> anchor "Usage" already defined
scalerConstructor.html:215:1 (scalerConstructor.Rd:123): Warning: <h5> anchor "Arguments" already defined
scalerConstructor.html:228:1 (scalerConstructor.Rd:130): Warning: <h5> anchor "Returns" already defined
scalerConstructor.html:245:1 (scalerConstructor.Rd:139): Warning: <h5> anchor "Usage" already defined
scalerConstructor.html:251:1 (scalerConstructor.Rd:143): Warning: <h5> anchor "Arguments" already defined
str_contains.html:56:1 (str_contains.Rd:12): Warning: missing </ul> before </div>
string_pad.html:51:1 (string_pad.Rd:12): Warning: missing </ul> before </div>
transpose_samples.html:47:1 (transpose_samples.Rd:10): Warning: missing </ul> before </div>
validate.html:52:1 (validate.Rd:12): Warning: missing </ul> before </div>
validate.analysis.html:51:1 (validate.analysis.Rd:12): Warning: missing </ul> before </div>
validate.draws.html:51:1 (validate.draws.Rd:12): Warning: missing </ul> before </div>
validate.ivars.html:52:1 (validate.ivars.Rd:12): Warning: missing </ul> before </div>
validate.sample_list.html:51:1 (validate.sample_list.Rd:12): Warning: missing </ul> before </div>
validate.sample_single.html:51:1 (validate.sample_single.Rd:12): Warning: missing </ul> before </div>
validate.simul_pars.html:51:1 (validate.simul_pars.Rd:12): Warning: missing </ul> before </div>
validate.stan_data.html:51:1 (validate.stan_data.Rd:12): Warning: missing </ul> before </div>
validate_analyse_pars.html:52:1 (validate_analyse_pars.Rd:14): Warning: missing </ul> before </div>
Flavor: r-devel-linux-x86_64-debian-gcc