Last updated on 2025-10-22 05:51:23 CEST.
Flavor | Version | Tinstall | Tcheck | Ttotal | Status | Flags |
---|---|---|---|---|---|---|
r-devel-linux-x86_64-debian-clang | 1.3.2 | 437.57 | 199.73 | 637.30 | NOTE | |
r-devel-linux-x86_64-debian-gcc | 1.3.2 | 397.88 | 177.24 | 575.12 | NOTE | |
r-devel-linux-x86_64-fedora-clang | 1.3.2 | 900.00 | 76.25 | 976.25 | OK | |
r-devel-linux-x86_64-fedora-gcc | 1.3.2 | 1140.00 | 138.79 | 1278.79 | OK | |
r-devel-windows-x86_64 | 1.3.2 | 490.00 | 255.00 | 745.00 | OK | |
r-patched-linux-x86_64 | 1.3.2 | 518.53 | 239.13 | 757.66 | OK | |
r-release-linux-x86_64 | 1.3.2 | 512.72 | 239.25 | 751.97 | OK | |
r-release-macos-arm64 | 1.3.2 | 166.00 | 50.00 | 216.00 | OK | |
r-release-macos-x86_64 | 1.3.2 | 166.00 | 103.00 | 269.00 | OK | |
r-release-windows-x86_64 | 1.3.2 | 491.00 | 247.00 | 738.00 | OK | |
r-oldrel-macos-arm64 | 1.3.2 | 164.00 | 65.00 | 229.00 | NOTE | |
r-oldrel-macos-x86_64 | 1.3.2 | 168.00 | 122.00 | 290.00 | NOTE | |
r-oldrel-windows-x86_64 | 1.3.2 | 539.00 | 311.00 | 850.00 | NOTE |
Version: 1.3.2
Check: HTML version of manual
Result: NOTE
Found the following HTML validation problems:
posterior_interval.optim_fit.html:59:1 (posterior_interval.optim_fit.Rd:16): Warning: missing </ul> before </div>
Flavors: r-devel-linux-x86_64-debian-clang, r-devel-linux-x86_64-debian-gcc
Version: 1.3.2
Check: installed package size
Result: NOTE
installed size is 93.6Mb
sub-directories of 1Mb or more:
libs 92.8Mb
Flavors: r-oldrel-macos-arm64, r-oldrel-macos-x86_64, r-oldrel-windows-x86_64
Version: 1.3.2
Check: for GNU extensions in Makefiles
Result: NOTE
GNU make is a SystemRequirements.
Flavors: r-oldrel-macos-arm64, r-oldrel-macos-x86_64, r-oldrel-windows-x86_64