Last updated on 2025-10-22 05:51:23 CEST.
Flavor | Version | Tinstall | Tcheck | Ttotal | Status | Flags |
---|---|---|---|---|---|---|
r-devel-linux-x86_64-debian-clang | 1.2.0 | 4.22 | 487.88 | 492.10 | NOTE | |
r-devel-linux-x86_64-debian-gcc | 1.2.0 | 4.03 | 298.23 | 302.26 | NOTE | |
r-devel-linux-x86_64-fedora-clang | 1.2.0 | 12.00 | 762.27 | 774.27 | OK | |
r-devel-linux-x86_64-fedora-gcc | 1.2.0 | 14.00 | 729.94 | 743.94 | OK | |
r-devel-windows-x86_64 | 1.2.0 | 8.00 | 381.00 | 389.00 | OK | |
r-patched-linux-x86_64 | 1.2.0 | 7.32 | 459.41 | 466.73 | OK | |
r-release-linux-x86_64 | 1.2.0 | 5.99 | 459.81 | 465.80 | OK | |
r-release-macos-arm64 | 1.2.0 | 43.00 | 193.00 | 236.00 | ERROR | |
r-release-macos-x86_64 | 1.2.0 | 18.00 | 451.00 | 469.00 | OK | |
r-release-windows-x86_64 | 1.2.0 | 7.00 | 389.00 | 396.00 | OK | |
r-oldrel-macos-arm64 | 1.2.0 | 8.00 | 184.00 | 192.00 | ERROR | |
r-oldrel-macos-x86_64 | 1.2.0 | 18.00 | 435.00 | 453.00 | OK | |
r-oldrel-windows-x86_64 | 1.2.0 | 10.00 | 551.00 | 561.00 | OK |
Version: 1.2.0
Check: HTML version of manual
Result: NOTE
Found the following HTML validation problems:
is.blank.html:50:1 (is.blank.Rd:12): Warning: missing </ul> before </div>
price_with_intensity_link.html:118:1 (price_with_intensity_link.Rd:55): Warning: missing </ul> before </div>
Flavors: r-devel-linux-x86_64-debian-clang, r-devel-linux-x86_64-debian-gcc
Version: 1.2.0
Check: re-building of vignette outputs
Result: ERROR
Error(s) in re-building vignettes:
--- re-building ‘ragtop_convertibles_in_r.Rmd’ using rmarkdown
Quitting from ragtop_convertibles_in_r.Rmd:424-461 [twitter_cb_via_BondValuation]
~~~~~~~~~~~~~~~~~~~~~~~~~~~~~~~~~~~~~~~~~~~~~~~~~~~~~~~~~~~~~~~~~~~~~~~~~~~~~~~~
<error/rlang_error>
Error in `if (index_LIPD >= 1) ...`:
! argument is of length zero
---
Backtrace:
▆
1. └─BondValuation::AnnivDates(...)
~~~~~~~~~~~~~~~~~~~~~~~~~~~~~~~~~~~~~~~~~~~~~~~~~~~~~~~~~~~~~~~~~~~~~~~~~~~~~~~~
Error: processing vignette 'ragtop_convertibles_in_r.Rmd' failed with diagnostics:
argument is of length zero
--- failed re-building ‘ragtop_convertibles_in_r.Rmd’
SUMMARY: processing the following file failed:
‘ragtop_convertibles_in_r.Rmd’
Error: Vignette re-building failed.
Execution halted
Flavors: r-release-macos-arm64, r-oldrel-macos-arm64