Last updated on 2025-10-22 05:51:23 CEST.
Flavor | Version | Tinstall | Tcheck | Ttotal | Status | Flags |
---|---|---|---|---|---|---|
r-devel-linux-x86_64-debian-clang | 1.6.7 | 18.93 | 158.91 | 177.84 | NOTE | |
r-devel-linux-x86_64-debian-gcc | 1.6.7 | 13.38 | 108.40 | 121.78 | NOTE | |
r-devel-linux-x86_64-fedora-clang | 1.6.7 | 86.00 | 208.08 | 294.08 | OK | |
r-devel-linux-x86_64-fedora-gcc | 1.6.7 | 40.00 | 216.58 | 256.58 | OK | |
r-devel-windows-x86_64 | 1.6.7 | 21.00 | 157.00 | 178.00 | OK | |
r-patched-linux-x86_64 | 1.6.7 | 16.86 | 147.82 | 164.68 | OK | |
r-release-linux-x86_64 | 1.6.7 | 18.19 | 149.03 | 167.22 | OK | |
r-release-macos-arm64 | 1.6.7 | 8.00 | 57.00 | 65.00 | OK | |
r-release-macos-x86_64 | 1.6.7 | 12.00 | 74.00 | 86.00 | OK | |
r-release-windows-x86_64 | 1.6.7 | 21.00 | 155.00 | 176.00 | OK | |
r-oldrel-macos-arm64 | 1.6.7 | 7.00 | 44.00 | 51.00 | OK | |
r-oldrel-macos-x86_64 | 1.6.7 | 11.00 | 76.00 | 87.00 | OK | |
r-oldrel-windows-x86_64 | 1.6.7 | 26.00 | 212.00 | 238.00 | OK |
Version: 1.6.7
Check: HTML version of manual
Result: NOTE
Found the following HTML validation problems:
print.conjoint.predict.html:55:1 (print.conjoint.predict.Rd:14): Warning: missing </ul> before </div>
Flavors: r-devel-linux-x86_64-debian-clang, r-devel-linux-x86_64-debian-gcc