Last updated on 2025-10-21 04:50:31 CEST.
Flavor | Version | Tinstall | Tcheck | Ttotal | Status | Flags |
---|---|---|---|---|---|---|
r-devel-linux-x86_64-debian-clang | 1.4.0 | 80.28 | 277.00 | 357.28 | OK | |
r-devel-linux-x86_64-debian-gcc | 1.4.0 | 58.22 | 209.14 | 267.36 | NOTE | |
r-devel-linux-x86_64-fedora-clang | 1.4.0 | 565.88 | OK | |||
r-devel-linux-x86_64-fedora-gcc | 1.4.0 | 555.57 | OK | |||
r-devel-windows-x86_64 | 1.4.0 | 98.00 | 291.00 | 389.00 | OK | |
r-patched-linux-x86_64 | 1.4.0 | 85.99 | 253.23 | 339.22 | OK | |
r-release-linux-x86_64 | 1.4.0 | 83.56 | 250.68 | 334.24 | OK | |
r-release-macos-arm64 | 1.4.0 | 125.00 | OK | |||
r-release-macos-x86_64 | 1.4.0 | 219.00 | OK | |||
r-release-windows-x86_64 | 1.4.0 | 123.00 | 292.00 | 415.00 | OK | |
r-oldrel-macos-arm64 | 1.4.0 | 129.00 | NOTE | |||
r-oldrel-macos-x86_64 | 1.4.0 | 232.00 | NOTE | |||
r-oldrel-windows-x86_64 | 1.4.0 | 110.00 | 379.00 | 489.00 | OK |
Version: 1.4.0
Check: HTML version of manual
Result: NOTE
Found the following HTML validation problems:
twigs.html:65:1 (twigs.Rd:20): Warning: missing </ul> before </div>
twigs_index.html:65:1 (twigs_index.Rd:20): Warning: missing </ul> before </div>
Flavor: r-devel-linux-x86_64-debian-gcc
Version: 1.4.0
Check: installed package size
Result: NOTE
installed size is 7.6Mb
sub-directories of 1Mb or more:
extdata 1.0Mb
libs 5.3Mb
Flavors: r-oldrel-macos-arm64, r-oldrel-macos-x86_64