Last updated on 2025-10-22 05:51:25 CEST.
Flavor | Version | Tinstall | Tcheck | Ttotal | Status | Flags |
---|---|---|---|---|---|---|
r-devel-linux-x86_64-debian-clang | 1.0.5 | 25.07 | 200.34 | 225.41 | NOTE | |
r-devel-linux-x86_64-debian-gcc | 1.0.5 | 15.15 | 121.12 | 136.27 | NOTE | |
r-devel-linux-x86_64-fedora-clang | 1.0.5 | 56.00 | 300.14 | 356.14 | OK | |
r-devel-linux-x86_64-fedora-gcc | 1.0.5 | 54.00 | 287.65 | 341.65 | OK | |
r-devel-windows-x86_64 | 1.0.5 | 20.00 | 159.00 | 179.00 | OK | |
r-patched-linux-x86_64 | 1.0.5 | 21.11 | 194.15 | 215.26 | OK | |
r-release-linux-x86_64 | 1.0.5 | 20.60 | 190.96 | 211.56 | OK | |
r-release-macos-arm64 | 1.0.5 | 10.00 | 68.00 | 78.00 | OK | |
r-release-macos-x86_64 | 1.0.5 | 25.00 | 156.00 | 181.00 | OK | |
r-release-windows-x86_64 | 1.0.5 | 21.00 | 162.00 | 183.00 | OK | |
r-oldrel-macos-arm64 | 1.0.5 | 8.00 | 61.00 | 69.00 | OK | |
r-oldrel-macos-x86_64 | 1.0.5 | 14.00 | 105.00 | 119.00 | OK | |
r-oldrel-windows-x86_64 | 1.0.5 | 28.00 | 216.00 | 244.00 | OK |
Version: 1.0.5
Check: top-level files
Result: NOTE
Found the following validation problem for the NEWS.Rd HTML conversion:
NEWS.html:184:1 (inst/NEWS.Rd:81): Warning: missing </ul> before </div>
NEWS.html:133:1 (inst/NEWS.Rd:59): Warning: <h4> anchor "New-function" already defined
NEWS.html:142:1 (inst/NEWS.Rd:63): Warning: <h4> anchor "New-output" already defined
Flavors: r-devel-linux-x86_64-debian-clang, r-devel-linux-x86_64-debian-gcc