Last updated on 2025-10-23 08:50:07 CEST.
| Flavor | Version | Tinstall | Tcheck | Ttotal | Status | Flags |
|---|---|---|---|---|---|---|
| r-devel-linux-x86_64-debian-clang | 1.2.2 | 4.20 | 49.24 | 53.44 | NOTE | |
| r-devel-linux-x86_64-debian-gcc | 1.2.2 | 2.93 | 36.77 | 39.70 | NOTE | |
| r-devel-linux-x86_64-fedora-clang | 1.2.2 | 77.62 | OK | |||
| r-devel-linux-x86_64-fedora-gcc | 1.2.2 | 12.00 | 67.07 | 79.07 | OK | |
| r-devel-windows-x86_64 | 1.2.2 | 6.00 | 76.00 | 82.00 | OK | |
| r-patched-linux-x86_64 | 1.2.2 | 4.42 | 44.94 | 49.36 | OK | |
| r-release-linux-x86_64 | 1.2.2 | 3.85 | 44.94 | 48.79 | OK | |
| r-release-macos-arm64 | 1.2.2 | 2.00 | 27.00 | 29.00 | OK | |
| r-release-macos-x86_64 | 1.2.2 | 4.00 | 61.00 | 65.00 | OK | |
| r-release-windows-x86_64 | 1.2.2 | 6.00 | 82.00 | 88.00 | OK | |
| r-oldrel-macos-arm64 | 1.2.2 | 2.00 | 24.00 | 26.00 | OK | |
| r-oldrel-macos-x86_64 | 1.2.2 | 3.00 | 60.00 | 63.00 | OK | |
| r-oldrel-windows-x86_64 | 1.2.2 | 6.00 | 77.00 | 83.00 | OK |
Version: 1.2.2
Check: CRAN incoming feasibility
Result: NOTE
Maintainer: ‘Johann R. Kleinbub <johann.kleinbub@gmail.com>’
No Authors@R field in DESCRIPTION.
Please add one, modifying
Authors@R: c(person(given = c("Johann", "R."),
family = "Kleinbub",
role = c("aut", "cre"),
email = "johann.kleinbub@gmail.com"),
person(given = "Fabian",
family = "Ramseyer",
role = "aut"))
as necessary.
Flavors: r-devel-linux-x86_64-debian-clang, r-devel-linux-x86_64-debian-gcc