Last updated on 2025-10-21 04:50:27 CEST.
Flavor | Version | Tinstall | Tcheck | Ttotal | Status | Flags |
---|---|---|---|---|---|---|
r-devel-linux-x86_64-debian-clang | 1.3.1 | 18.87 | 228.73 | 247.60 | OK | |
r-devel-linux-x86_64-debian-gcc | 1.3.1 | 13.25 | 159.66 | 172.91 | NOTE | |
r-devel-linux-x86_64-fedora-clang | 1.3.1 | 373.64 | OK | |||
r-devel-linux-x86_64-fedora-gcc | 1.3.1 | 369.57 | OK | |||
r-devel-windows-x86_64 | 1.3.1 | 22.00 | 201.00 | 223.00 | OK | |
r-patched-linux-x86_64 | 1.3.1 | 20.56 | 209.81 | 230.37 | OK | |
r-release-linux-x86_64 | 1.3.1 | 18.53 | 208.99 | 227.52 | OK | |
r-release-macos-arm64 | 1.3.1 | 88.00 | OK | |||
r-release-macos-x86_64 | 1.3.1 | 191.00 | OK | |||
r-release-windows-x86_64 | 1.3.1 | 20.00 | 201.00 | 221.00 | OK | |
r-oldrel-macos-arm64 | 1.3.1 | 78.00 | OK | |||
r-oldrel-macos-x86_64 | 1.3.1 | 120.00 | OK | |||
r-oldrel-windows-x86_64 | 1.3.1 | 26.00 | 256.00 | 282.00 | OK |
Version: 1.3.1
Check: HTML version of manual
Result: NOTE
Found the following HTML validation problems:
BoundsObj.html:90:1 (BoundsObj.Rd:40): Warning: missing </ul> before </div>
DR.html:50:1 (DR.Rd:12): Warning: missing </ul> before </div>
QTE.html:207:1 (QTE.Rd:119): Warning: missing </ul> before </div>
QTEparams.html:154:1 (QTEparams.Rd:77): Warning: missing </ul> before </div>
SE.html:84:1 (SE.Rd:34): Warning: missing </ul> before </div>
compute.MDiD.html:93:1 (compute.MDiD.Rd:43): Warning: missing </ul> before </div>
computeDiffSE.html:72:1 (computeDiffSE.Rd:20): Warning: missing </ul> before </div>
getlb.html:62:1 (getlb.Rd:19): Warning: missing </ul> before </div>
getub.html:62:1 (getub.Rd:19): Warning: missing </ul> before </div>
panel.checks.html:47:1 (panel.checks.Rd:10): Warning: missing </ul> before </div>
plot.BoundsObj.html:95:1 (plot.BoundsObj.Rd:40): Warning: missing </ul> before </div>
plot.QTE.html:120:1 (plot.QTE.Rd:55): Warning: missing </ul> before </div>
print.matrix1.html:47:1 (print.matrix1.Rd:10): Warning: missing </ul> before </div>
print.matrix2.html:47:1 (print.matrix2.Rd:10): Warning: missing </ul> before </div>
print.summary.BoundsObj.html:51:1 (print.summary.BoundsObj.Rd:12): Warning: missing </ul> before </div>
print.summary.QTE.html:51:1 (print.summary.QTE.Rd:12): Warning: missing </ul> before </div>
qteToTexreg.html:60:1 (qteToTexreg.Rd:14): Warning: missing </ul> before </div>
summary.QTE.html:51:1 (summary.QTE.Rd:12): Warning: missing </ul> before </div>
Flavor: r-devel-linux-x86_64-debian-gcc