Last updated on 2025-10-23 08:50:05 CEST.
| Flavor | Version | Tinstall | Tcheck | Ttotal | Status | Flags |
|---|---|---|---|---|---|---|
| r-devel-linux-x86_64-debian-clang | 0.0.17 | 132.68 | 27.92 | 160.60 | OK | |
| r-devel-linux-x86_64-debian-gcc | 0.0.17 | 82.43 | 22.39 | 104.82 | OK | |
| r-devel-linux-x86_64-fedora-clang | 0.0.17 | 1140.00 | -759.16 | 380.84 | OK | |
| r-devel-linux-x86_64-fedora-gcc | 0.0.17 | 279.00 | -4.72 | 274.28 | OK | |
| r-devel-windows-x86_64 | 0.0.17 | 176.00 | 72.00 | 248.00 | OK | |
| r-patched-linux-x86_64 | 0.0.17 | 127.59 | 25.50 | 153.09 | OK | |
| r-release-linux-x86_64 | 0.0.17 | 123.08 | 25.25 | 148.33 | OK | |
| r-release-macos-arm64 | 0.0.17 | 47.00 | 16.00 | 63.00 | OK | |
| r-release-macos-x86_64 | 0.0.17 | 57.00 | 28.00 | 85.00 | OK | |
| r-release-windows-x86_64 | 0.0.17 | 168.00 | 75.00 | 243.00 | OK | |
| r-oldrel-macos-arm64 | 0.0.17 | 45.00 | 23.00 | 68.00 | NOTE | |
| r-oldrel-macos-x86_64 | 0.0.17 | 40.00 | 43.00 | 83.00 | NOTE | |
| r-oldrel-windows-x86_64 | 0.0.17 | 168.00 | 85.00 | 253.00 | OK |
Version: 0.0.17
Check: installed package size
Result: NOTE
installed size is 7.8Mb
sub-directories of 1Mb or more:
libs 7.6Mb
Flavors: r-oldrel-macos-arm64, r-oldrel-macos-x86_64