Last updated on 2024-07-27 03:49:38 CEST.
Flavor | Version | Tinstall | Tcheck | Ttotal | Status | Flags |
---|---|---|---|---|---|---|
r-devel-linux-x86_64-debian-clang | 0.0.12 | 172.55 | 29.98 | 202.53 | OK | |
r-devel-linux-x86_64-debian-gcc | 0.0.12 | 117.03 | 23.47 | 140.50 | OK | |
r-devel-linux-x86_64-fedora-clang | 0.0.12 | 389.55 | OK | |||
r-devel-linux-x86_64-fedora-gcc | 0.0.12 | 341.73 | OK | |||
r-devel-windows-x86_64 | 0.0.12 | 175.00 | 75.00 | 250.00 | OK | |
r-patched-linux-x86_64 | 0.0.12 | OK | ||||
r-release-linux-x86_64 | 0.0.11 | 146.84 | 29.33 | 176.17 | OK | |
r-release-macos-arm64 | 0.0.12 | 63.00 | NOTE | |||
r-release-macos-x86_64 | 0.0.12 | 94.00 | NOTE | |||
r-release-windows-x86_64 | 0.0.12 | 174.00 | 76.00 | 250.00 | OK | |
r-oldrel-macos-arm64 | 0.0.12 | 71.00 | NOTE | |||
r-oldrel-macos-x86_64 | 0.0.12 | 116.00 | NOTE | |||
r-oldrel-windows-x86_64 | 0.0.12 | 148.00 | 81.00 | 229.00 | OK |
Version: 0.0.12
Check: installed package size
Result: NOTE
installed size is 7.6Mb
sub-directories of 1Mb or more:
libs 7.5Mb
Flavors: r-release-macos-arm64, r-release-macos-x86_64, r-oldrel-macos-arm64, r-oldrel-macos-x86_64