CRAN Package Check Results for Package ptinpoly

Last updated on 2025-01-25 04:49:40 CET.

Flavor Version Tinstall Tcheck Ttotal Status Flags
r-devel-linux-x86_64-debian-clang 2.8 6.86 22.29 29.15 OK
r-devel-linux-x86_64-debian-gcc 2.8 5.31 18.59 23.90 OK
r-devel-linux-x86_64-fedora-clang 2.8 53.16 NOTE
r-devel-linux-x86_64-fedora-gcc 2.8 49.08 NOTE
r-devel-windows-x86_64 2.8 11.00 61.00 72.00 OK
r-patched-linux-x86_64 2.8 7.12 22.10 29.22 OK
r-release-linux-x86_64 2.8 7.09 21.56 28.65 OK
r-release-macos-arm64 2.8 22.00 OK
r-release-macos-x86_64 2.8 33.00 OK
r-release-windows-x86_64 2.8 12.00 50.00 62.00 OK
r-oldrel-macos-arm64 2.8 23.00 OK
r-oldrel-macos-x86_64 2.8 33.00 OK
r-oldrel-windows-x86_64 2.8 12.00 74.00 86.00 OK

Check Details

Version: 2.8
Check: compiled code
Result: NOTE File ‘ptinpoly/libs/ptinpoly.so’: Found no calls to: ‘R_registerRoutines’, ‘R_useDynamicSymbols’ It is good practice to register native routines and to disable symbol search. See ‘Writing portable packages’ in the ‘Writing R Extensions’ manual. Flavors: r-devel-linux-x86_64-fedora-clang, r-devel-linux-x86_64-fedora-gcc