Last updated on 2025-10-21 04:50:27 CEST.
Flavor | Version | Tinstall | Tcheck | Ttotal | Status | Flags |
---|---|---|---|---|---|---|
r-devel-linux-x86_64-debian-clang | 1.2 | 2.75 | 46.22 | 48.97 | OK | |
r-devel-linux-x86_64-debian-gcc | 1.2 | 2.24 | 33.50 | 35.74 | NOTE | |
r-devel-linux-x86_64-fedora-clang | 1.2 | 72.75 | OK | |||
r-devel-linux-x86_64-fedora-gcc | 1.2 | 70.64 | OK | |||
r-devel-windows-x86_64 | 1.2 | 5.00 | 58.00 | 63.00 | OK | |
r-patched-linux-x86_64 | 1.2 | 2.72 | 42.04 | 44.76 | OK | |
r-release-linux-x86_64 | 1.2 | 3.05 | 41.81 | 44.86 | OK | |
r-release-macos-arm64 | 1.2 | 35.00 | OK | |||
r-release-macos-x86_64 | 1.2 | 51.00 | OK | |||
r-release-windows-x86_64 | 1.2 | 6.00 | 60.00 | 66.00 | OK | |
r-oldrel-macos-arm64 | 1.2 | 31.00 | OK | |||
r-oldrel-macos-x86_64 | 1.2 | 48.00 | OK | |||
r-oldrel-windows-x86_64 | 1.2 | 7.00 | 71.00 | 78.00 | OK |
Version: 1.2
Check: HTML version of manual
Result: NOTE
Found the following HTML validation problems:
replace_nas.html:46:1 (replace_nas.Rd:10): Warning: missing </ul> before </div>
Flavor: r-devel-linux-x86_64-debian-gcc