Last updated on 2025-10-22 05:51:21 CEST.
Flavor | Version | Tinstall | Tcheck | Ttotal | Status | Flags |
---|---|---|---|---|---|---|
r-devel-linux-x86_64-debian-clang | 3.1.1 | 95.99 | 381.36 | 477.35 | NOTE | |
r-devel-linux-x86_64-debian-gcc | 3.1.1 | 64.33 | 238.55 | 302.88 | NOTE | |
r-devel-linux-x86_64-fedora-clang | 3.1.1 | 176.00 | 589.74 | 765.74 | OK | |
r-devel-linux-x86_64-fedora-gcc | 3.1.1 | 172.00 | 578.53 | 750.53 | OK | |
r-devel-windows-x86_64 | 3.1.1 | 111.00 | 386.00 | 497.00 | OK | |
r-patched-linux-x86_64 | 3.1.1 | 97.29 | 356.22 | 453.51 | OK | |
r-release-linux-x86_64 | 3.1.1 | 99.24 | 355.85 | 455.09 | OK | |
r-release-macos-arm64 | 3.1.1 | 35.00 | 120.00 | 155.00 | OK | |
r-release-macos-x86_64 | 3.1.1 | 62.00 | 248.00 | 310.00 | OK | |
r-release-windows-x86_64 | 3.1.1 | 137.00 | 376.00 | 513.00 | OK | |
r-oldrel-macos-arm64 | 3.1.1 | 41.00 | 130.00 | 171.00 | NOTE | |
r-oldrel-macos-x86_64 | 3.1.1 | 65.00 | 249.00 | 314.00 | NOTE | |
r-oldrel-windows-x86_64 | 3.1.1 | 141.00 | 501.00 | 642.00 | NOTE |
Version: 3.1.1
Check: HTML version of manual
Result: NOTE
Found the following HTML validation problems:
set_pliman_viewer.html:46:1 (set_pliman_viewer.Rd:10): Warning: missing </ul> before </div>
Flavors: r-devel-linux-x86_64-debian-clang, r-devel-linux-x86_64-debian-gcc
Version: 3.1.1
Check: installed package size
Result: NOTE
installed size is 9.0Mb
sub-directories of 1Mb or more:
libs 5.5Mb
tmp_images 1.9Mb
Flavors: r-oldrel-macos-arm64, r-oldrel-macos-x86_64, r-oldrel-windows-x86_64