Last updated on 2025-10-23 08:50:04 CEST.
Flavor | Version | Tinstall | Tcheck | Ttotal | Status | Flags |
---|---|---|---|---|---|---|
r-devel-linux-x86_64-debian-clang | 1.11.1 | 7.30 | 117.87 | 125.17 | NOTE | |
r-devel-linux-x86_64-debian-gcc | 1.11.1 | 5.66 | 76.72 | 82.38 | OK | |
r-devel-linux-x86_64-fedora-clang | 1.11.1 | 34.00 | 162.42 | 196.42 | OK | |
r-devel-linux-x86_64-fedora-gcc | 1.11.1 | 15.00 | 171.30 | 186.30 | OK | |
r-devel-windows-x86_64 | 1.11.1 | 11.00 | 106.00 | 117.00 | OK | |
r-patched-linux-x86_64 | 1.11.1 | 8.25 | 108.12 | 116.37 | OK | |
r-release-linux-x86_64 | 1.11.1 | 7.65 | 107.71 | 115.36 | OK | |
r-release-macos-arm64 | 1.11.1 | 4.00 | 61.00 | 65.00 | OK | |
r-release-macos-x86_64 | 1.11.1 | 7.00 | 102.00 | 109.00 | OK | |
r-release-windows-x86_64 | 1.11.1 | 11.00 | 107.00 | 118.00 | OK | |
r-oldrel-macos-arm64 | 1.11.1 | 4.00 | 75.00 | 79.00 | OK | |
r-oldrel-macos-x86_64 | 1.11.1 | 7.00 | 108.00 | 115.00 | OK | |
r-oldrel-windows-x86_64 | 1.11.1 | 12.00 | 130.00 | 142.00 | OK |
Version: 1.11.1
Check: HTML version of manual
Result: NOTE
Found the following HTML validation problems:
deprecated.html:68:1 (deprecated.Rd:22): Warning: missing </ul> before </div>
extra_cols.html:63:1 (extra_cols.Rd:19): Warning: missing </ul> before </div>
new_tbl_format_setup.html:110:1 (new_tbl_format_setup.Rd:49): Warning: missing </ul> before </div>
scale_x_num.html:219:1 (scale_x_num.Rd:117): Warning: missing </ul> before </div>
tbl_nrow.html:51:1 (tbl_nrow.Rd:12): Warning: missing </ul> before </div>
Flavor: r-devel-linux-x86_64-debian-clang