Last updated on 2025-10-21 04:50:26 CEST.
Flavor | Version | Tinstall | Tcheck | Ttotal | Status | Flags |
---|---|---|---|---|---|---|
r-devel-linux-x86_64-debian-clang | 0.3.5 | 4.78 | 41.71 | 46.49 | OK | |
r-devel-linux-x86_64-debian-gcc | 0.3.5 | 3.17 | 32.95 | 36.12 | NOTE | |
r-devel-linux-x86_64-fedora-clang | 0.3.5 | 70.24 | OK | |||
r-devel-linux-x86_64-fedora-gcc | 0.3.5 | 81.49 | OK | |||
r-devel-windows-x86_64 | 0.3.5 | 7.00 | 61.00 | 68.00 | OK | |
r-patched-linux-x86_64 | 0.3.5 | 5.93 | 39.22 | 45.15 | OK | |
r-release-linux-x86_64 | 0.3.5 | 4.06 | 39.23 | 43.29 | OK | |
r-release-macos-arm64 | 0.3.5 | 51.00 | OK | |||
r-release-macos-x86_64 | 0.3.5 | 66.00 | OK | |||
r-release-windows-x86_64 | 0.3.5 | 8.00 | 63.00 | 71.00 | OK | |
r-oldrel-macos-arm64 | 0.3.5 | 48.00 | OK | |||
r-oldrel-macos-x86_64 | 0.3.5 | 69.00 | OK | |||
r-oldrel-windows-x86_64 | 0.3.5 | 9.00 | 71.00 | 80.00 | OK |
Version: 0.3.5
Check: HTML version of manual
Result: NOTE
Found the following HTML validation problems:
photon_local.html:217:1 (photon_local.Rd:157): Warning: <h5> anchor "Usage" already defined
photon_local.html:234:1 (photon_local.Rd:168): Warning: <h5> anchor "Usage" already defined
photon_local.html:259:1 (photon_local.Rd:183): Warning: <h5> anchor "Usage" already defined
photon_local.html:265:1 (photon_local.Rd:187): Warning: <h5> anchor "Arguments" already defined
photon_local.html:279:1 (photon_local.Rd:195): Warning: <h5> anchor "Returns" already defined
photon_local.html:298:1 (photon_local.Rd:206): Warning: <h5> anchor "Usage" already defined
photon_local.html:320:1 (photon_local.Rd:226): Warning: <h5> anchor "Arguments" already defined
photon_local.html:392:1 (photon_local.Rd:288): Warning: <h5> anchor "Usage" already defined
photon_local.html:405:1 (photon_local.Rd:299): Warning: <h5> anchor "Arguments" already defined
photon_local.html:455:1 (photon_local.Rd:336): Warning: <h5> anchor "Usage" already defined
photon_local.html:471:1 (photon_local.Rd:346): Warning: <h5> anchor "Usage" already defined
photon_local.html:482:1 (photon_local.Rd:355): Warning: <h5> anchor "Arguments" already defined
photon_local.html:525:1 (photon_local.Rd:388): Warning: <h5> anchor "Usage" already defined
photon_local.html:548:1 (photon_local.Rd:405): Warning: <h5> anchor "Usage" already defined
photon_local.html:554:1 (photon_local.Rd:409): Warning: <h5> anchor "Returns" already defined
photon_local.html:574:1 (photon_local.Rd:421): Warning: <h5> anchor "Usage" already defined
photon_local.html:580:1 (photon_local.Rd:425): Warning: <h5> anchor "Returns" already defined
photon_local.html:597:1 (photon_local.Rd:434): Warning: <h5> anchor "Usage" already defined
photon_local.html:603:1 (photon_local.Rd:438): Warning: <h5> anchor "Returns" already defined
photon_local.html:620:1 (photon_local.Rd:447): Warning: <h5> anchor "Usage" already defined
photon_local.html:626:1 (photon_local.Rd:451): Warning: <h5> anchor "Returns" already defined
photon_local.html:646:1 (photon_local.Rd:463): Warning: <h5> anchor "Usage" already defined
photon_local.html:652:1 (photon_local.Rd:467): Warning: <h5> anchor "Arguments" already defined
Flavor: r-devel-linux-x86_64-debian-gcc