CRAN Package Check Results for Package penppml

Last updated on 2025-10-22 05:51:21 CEST.

Flavor Version Tinstall Tcheck Ttotal Status Flags
r-devel-linux-x86_64-debian-clang 0.2.4 36.29 104.91 141.20 NOTE
r-devel-linux-x86_64-debian-gcc 0.2.4 25.58 78.95 104.53 NOTE
r-devel-linux-x86_64-fedora-clang 0.2.4 85.00 139.46 224.46 NOTE
r-devel-linux-x86_64-fedora-gcc 0.2.4 71.00 163.48 234.48 NOTE
r-devel-windows-x86_64 0.2.4 41.00 140.00 181.00 OK
r-patched-linux-x86_64 0.2.4 36.19 102.29 138.48 OK
r-release-linux-x86_64 0.2.4 35.14 101.47 136.61 OK
r-release-macos-arm64 0.2.4 17.00 55.00 72.00 OK
r-release-macos-x86_64 0.2.4 38.00 166.00 204.00 OK
r-release-windows-x86_64 0.2.4 44.00 135.00 179.00 OK
r-oldrel-macos-arm64 0.2.4 18.00 66.00 84.00 NOTE
r-oldrel-macos-x86_64 0.2.4 38.00 142.00 180.00 NOTE
r-oldrel-windows-x86_64 0.2.4 49.00 172.00 221.00 OK

Check Details

Version: 0.2.4
Check: HTML version of manual
Result: NOTE Found the following HTML validation problems: AtA.html:46:1 (AtA.Rd:10): Warning: missing </ul> before </div> eigenMatMult.html:48:1 (eigenMatMult.Rd:13): Warning: missing </ul> before </div> manyouter.html:50:1 (manyouter.Rd:12): Warning: missing </ul> before </div> Flavors: r-devel-linux-x86_64-debian-clang, r-devel-linux-x86_64-debian-gcc

Version: 0.2.4
Check: dependencies in R code
Result: NOTE Namespace in Imports field not imported from: ‘fixest’ All declared Imports should be used. Flavors: r-devel-linux-x86_64-fedora-clang, r-devel-linux-x86_64-fedora-gcc

Version: 0.2.4
Check: installed package size
Result: NOTE installed size is 11.2Mb sub-directories of 1Mb or more: data 1.8Mb libs 9.1Mb Flavors: r-oldrel-macos-arm64, r-oldrel-macos-x86_64