Last updated on 2024-07-27 03:49:36 CEST.
Flavor | Version | Tinstall | Tcheck | Ttotal | Status | Flags |
---|---|---|---|---|---|---|
r-devel-linux-x86_64-debian-clang | 0.6.0 | 10.65 | 225.71 | 236.36 | OK | |
r-devel-linux-x86_64-debian-gcc | 0.6.0 | 10.67 | 171.77 | 182.44 | NOTE | |
r-devel-linux-x86_64-fedora-clang | 0.6.0 | 274.48 | OK | |||
r-devel-linux-x86_64-fedora-gcc | 0.6.0 | 275.29 | OK | |||
r-devel-windows-x86_64 | 0.6.0 | 18.00 | 285.00 | 303.00 | NOTE | |
r-patched-linux-x86_64 | 0.6.0 | OK | ||||
r-release-linux-x86_64 | 0.6.0 | 9.86 | 220.71 | 230.57 | OK | |
r-release-macos-arm64 | 0.6.0 | 69.00 | OK | |||
r-release-macos-x86_64 | 0.6.0 | 98.00 | OK | |||
r-release-windows-x86_64 | 0.6.0 | 17.00 | 276.00 | 293.00 | OK | |
r-oldrel-macos-arm64 | 0.6.0 | 71.00 | OK | |||
r-oldrel-macos-x86_64 | 0.6.0 | 541.00 | OK | |||
r-oldrel-windows-x86_64 | 0.6.0 | 21.00 | 342.00 | 363.00 | OK |
Version: 0.6.0
Check: Rd cross-references
Result: NOTE
Found the following Rd file(s) with Rd \link{} targets missing package
anchors:
cloud9.Rd: cloud9_create_environment_ec2,
cloud9_create_environment_membership, cloud9_delete_environment,
cloud9_delete_environment_membership,
cloud9_describe_environment_memberships,
cloud9_describe_environments, cloud9_describe_environment_status,
cloud9_list_environments, cloud9_list_tags_for_resource,
cloud9_tag_resource, cloud9_untag_resource,
cloud9_update_environment, cloud9_update_environment_membership
Please provide package anchors for all Rd \link{} targets not in the
package itself and the base packages.
Flavors: r-devel-linux-x86_64-debian-gcc, r-devel-windows-x86_64