Last updated on 2024-07-27 03:49:36 CEST.
Flavor | Version | Tinstall | Tcheck | Ttotal | Status | Flags |
---|---|---|---|---|---|---|
r-devel-linux-x86_64-debian-clang | 0.6.1 | 7.18 | 69.91 | 77.09 | OK | |
r-devel-linux-x86_64-debian-gcc | 0.6.1 | 4.65 | 51.43 | 56.08 | NOTE | |
r-devel-linux-x86_64-fedora-clang | 0.6.1 | 96.17 | OK | |||
r-devel-linux-x86_64-fedora-gcc | 0.6.1 | 101.53 | OK | |||
r-devel-windows-x86_64 | 0.6.1 | 7.00 | 81.00 | 88.00 | NOTE | |
r-patched-linux-x86_64 | 0.6.1 | OK | ||||
r-release-linux-x86_64 | 0.6.1 | 7.10 | 66.13 | 73.23 | OK | |
r-release-macos-arm64 | 0.6.1 | 35.00 | OK | |||
r-release-macos-x86_64 | 0.6.1 | 83.00 | OK | |||
r-release-windows-x86_64 | 0.6.1 | 7.00 | 79.00 | 86.00 | OK | |
r-oldrel-macos-arm64 | 0.6.1 | 44.00 | OK | |||
r-oldrel-macos-x86_64 | 0.6.1 | 70.00 | OK | |||
r-oldrel-windows-x86_64 | 0.6.1 | 9.00 | 89.00 | 98.00 | OK |
Version: 0.6.1
Check: Rd cross-references
Result: NOTE
Found the following Rd file(s) with Rd \link{} targets missing package
anchors:
bootSimpleComplex.Rd: doParallel
fitGpunc.Rd: doParallel
Please provide package anchors for all Rd \link{} targets not in the
package itself and the base packages.
Flavors: r-devel-linux-x86_64-debian-gcc, r-devel-windows-x86_64