Last updated on 2024-07-27 03:49:36 CEST.
Flavor | Version | Tinstall | Tcheck | Ttotal | Status | Flags |
---|---|---|---|---|---|---|
r-devel-linux-x86_64-debian-clang | 1.0.2 | 41.57 | 504.48 | 546.05 | OK | |
r-devel-linux-x86_64-debian-gcc | 1.0.2 | 29.37 | 353.58 | 382.95 | OK | |
r-devel-linux-x86_64-fedora-clang | 1.0.2 | 627.68 | OK | |||
r-devel-linux-x86_64-fedora-gcc | 1.0.2 | 664.43 | OK | |||
r-devel-windows-x86_64 | 1.0.2 | 36.00 | 346.00 | 382.00 | OK | |
r-patched-linux-x86_64 | 1.0.2 | OK | ||||
r-release-linux-x86_64 | 1.0.2 | 34.33 | 476.96 | 511.29 | OK | |
r-release-macos-arm64 | 1.0.2 | 133.00 | NOTE | |||
r-release-macos-x86_64 | 1.0.2 | 203.00 | NOTE | |||
r-release-windows-x86_64 | 1.0.2 | 43.00 | 342.00 | 385.00 | OK | |
r-oldrel-macos-arm64 | 1.0.2 | 157.00 | NOTE | |||
r-oldrel-macos-x86_64 | 1.0.2 | 418.00 | NOTE | |||
r-oldrel-windows-x86_64 | 1.0.2 | 44.00 | 431.00 | 475.00 | OK |
Version: 1.0.2
Check: installed package size
Result: NOTE
installed size is 5.6Mb
sub-directories of 1Mb or more:
doc 3.2Mb
libs 1.6Mb
Flavors: r-release-macos-arm64, r-release-macos-x86_64, r-oldrel-macos-arm64, r-oldrel-macos-x86_64