Last updated on 2025-10-23 08:50:02 CEST.
Flavor | Version | Tinstall | Tcheck | Ttotal | Status | Flags |
---|---|---|---|---|---|---|
r-devel-linux-x86_64-debian-clang | 3.1-168 | 27.94 | 233.92 | 261.86 | NOTE | |
r-devel-linux-x86_64-debian-gcc | 3.1-168 | 20.23 | 149.16 | 169.39 | NOTE | |
r-devel-linux-x86_64-fedora-clang | 3.1-168 | 70.00 | 342.33 | 412.33 | OK | |
r-devel-linux-x86_64-fedora-gcc | 3.1-168 | 57.00 | 328.89 | 385.89 | OK | |
r-devel-windows-x86_64 | 3.1-168 | 42.00 | 285.00 | 327.00 | OK | |
r-patched-linux-x86_64 | 3.1-168 | 32.80 | 219.72 | 252.52 | OK | |
r-release-linux-x86_64 | 3.1-168 | 24.90 | 218.77 | 243.67 | OK | |
r-release-macos-arm64 | 3.1-168 | 14.00 | 87.00 | 101.00 | OK | |
r-release-macos-x86_64 | 3.1-168 | 38.00 | 188.00 | 226.00 | OK | |
r-release-windows-x86_64 | 3.1-168 | 45.00 | 376.00 | 421.00 | OK | |
r-oldrel-macos-arm64 | 3.1-168 | 15.00 | 88.00 | 103.00 | OK | |
r-oldrel-macos-x86_64 | 3.1-168 | 31.00 | 247.00 | 278.00 | OK | |
r-oldrel-windows-x86_64 | 3.1-168 | 50.00 | 349.00 | 399.00 | OK |
Version: 3.1-168
Check: DESCRIPTION meta-information
Result: NOTE
Author field differs from that derived from Authors@R
Author: ‘José Pinheiro [aut] (S version), Douglas Bates [aut] (up to 2007), Saikat DebRoy [ctb] (up to 2002), Deepayan Sarkar [ctb] (up to 2005), EISPACK authors [ctb] (src/rs.f), Siem Heisterkamp [ctb] (Author fixed sigma), Bert Van Willigen [ctb] (Programmer fixed sigma), Johannes Ranke [ctb] (varConstProp()), R Core Team [aut, cre] (02zz1nj61)’
Authors@R: ‘José Pinheiro [aut] (S version), Douglas Bates [aut] (up to 2007), Saikat DebRoy [ctb] (up to 2002), Deepayan Sarkar [ctb] (up to 2005), EISPACK authors [ctb] (src/rs.f), Siem Heisterkamp [ctb] (Author fixed sigma), Bert Van Willigen [ctb] (Programmer fixed sigma), Johannes Ranke [ctb] (varConstProp()), R Core Team [aut, cre] (ROR: <https://ror.org/02zz1nj61>)’
Flavors: r-devel-linux-x86_64-debian-clang, r-devel-linux-x86_64-debian-gcc
Version: 3.1-168
Check: HTML version of manual
Result: NOTE
Found the following HTML validation problems:
gls-internal.html:70:1 (gls-internal.Rd:28): Warning: missing </ul> before </div>
Flavor: r-devel-linux-x86_64-debian-clang