Last updated on 2025-10-24 04:50:59 CEST.
| Flavor | Version | Tinstall | Tcheck | Ttotal | Status | Flags |
|---|---|---|---|---|---|---|
| r-devel-linux-x86_64-debian-clang | 1.2 | 2.69 | 36.09 | 38.78 | NOTE | |
| r-devel-linux-x86_64-debian-gcc | 1.2 | 1.96 | 27.80 | 29.76 | NOTE | |
| r-devel-linux-x86_64-fedora-clang | 1.2 | 60.37 | OK | |||
| r-devel-linux-x86_64-fedora-gcc | 1.2 | 70.61 | OK | |||
| r-devel-windows-x86_64 | 1.2 | 5.00 | 60.00 | 65.00 | OK | |
| r-patched-linux-x86_64 | 1.2 | 3.50 | 34.86 | 38.36 | OK | |
| r-release-linux-x86_64 | 1.2 | 2.72 | 34.46 | 37.18 | OK | |
| r-release-macos-arm64 | 1.2 | 1.00 | 29.00 | 30.00 | OK | |
| r-release-macos-x86_64 | 1.2 | 2.00 | 55.00 | 57.00 | OK | |
| r-release-windows-x86_64 | 1.2 | 5.00 | 59.00 | 64.00 | OK | |
| r-oldrel-macos-arm64 | 1.2 | 2.00 | 27.00 | 29.00 | OK | |
| r-oldrel-macos-x86_64 | 1.2 | 2.00 | 38.00 | 40.00 | OK | |
| r-oldrel-windows-x86_64 | 1.2 | 6.00 | 70.00 | 76.00 | OK |
Version: 1.2
Check: CRAN incoming feasibility
Result: NOTE
Maintainer: ‘Richard Wen <rrwen.dev@gmail.com>’
Package CITATION file contains call(s) to old-style personList() or
as.personList(). Please use c() on person objects instead.
Package CITATION file contains call(s) to old-style citEntry(). Please
use bibentry() instead.
Flavors: r-devel-linux-x86_64-debian-clang, r-devel-linux-x86_64-debian-gcc
Version: 1.2
Check: Rd files
Result: NOTE
checkRd: (-1) internalGetCauseMetrics.Rd:32-36: Only 4 columns allowed in this table (row 1 has 3)
checkRd: (-1) internalGetCauseMetrics.Rd:32-36: Only 4 columns allowed in this table (row 2 has 3)
checkRd: (-1) internalGetCauseMetrics.Rd:32-36: Only 4 columns allowed in this table (row 3 has 3)
checkRd: (-1) internalNBC.Rd:65-70: Only 4 columns allowed in this table (row 1 has 3)
checkRd: (-1) internalNBC.Rd:65-70: Only 4 columns allowed in this table (row 2 has 3)
checkRd: (-1) internalNBC.Rd:65-70: Only 4 columns allowed in this table (row 3 has 3)
checkRd: (-1) internalNBC.Rd:65-70: Only 4 columns allowed in this table (row 4 has 3)
checkRd: (-1) internalNBC.Rd:78-83: Only 4 columns allowed in this table (row 1 has 2)
checkRd: (-1) internalNBC.Rd:78-83: Only 4 columns allowed in this table (row 2 has 2)
checkRd: (-1) internalNBC.Rd:78-83: Only 4 columns allowed in this table (row 3 has 2)
checkRd: (-1) internalNBC.Rd:78-83: Only 4 columns allowed in this table (row 4 has 2)
checkRd: (-1) nbc.Rd:65-70: Only 4 columns allowed in this table (row 1 has 3)
checkRd: (-1) nbc.Rd:65-70: Only 4 columns allowed in this table (row 2 has 3)
checkRd: (-1) nbc.Rd:65-70: Only 4 columns allowed in this table (row 3 has 3)
checkRd: (-1) nbc.Rd:65-70: Only 4 columns allowed in this table (row 4 has 3)
checkRd: (-1) nbc.Rd:78-83: Only 4 columns allowed in this table (row 1 has 2)
checkRd: (-1) nbc.Rd:78-83: Only 4 columns allowed in this table (row 2 has 2)
checkRd: (-1) nbc.Rd:78-83: Only 4 columns allowed in this table (row 3 has 2)
checkRd: (-1) nbc.Rd:78-83: Only 4 columns allowed in this table (row 4 has 2)
checkRd: (-1) summary.nbc.Rd:71-75: Only 4 columns allowed in this table (row 1 has 3)
checkRd: (-1) summary.nbc.Rd:71-75: Only 4 columns allowed in this table (row 2 has 3)
checkRd: (-1) summary.nbc.Rd:71-75: Only 4 columns allowed in this table (row 3 has 3)
Flavor: r-devel-linux-x86_64-debian-gcc