Last updated on 2025-10-24 04:50:59 CEST.
| Flavor | Version | Tinstall | Tcheck | Ttotal | Status | Flags |
|---|---|---|---|---|---|---|
| r-devel-linux-x86_64-debian-clang | 0.9.0 | 10.06 | 125.20 | 135.26 | NOTE | |
| r-devel-linux-x86_64-debian-gcc | 0.9.0 | 7.47 | 97.85 | 105.32 | NOTE | |
| r-devel-linux-x86_64-fedora-clang | 0.9.0 | 24.00 | 184.78 | 208.78 | OK | |
| r-devel-linux-x86_64-fedora-gcc | 0.9.0 | 23.00 | 214.04 | 237.04 | OK | |
| r-devel-windows-x86_64 | 0.9.0 | 15.00 | 144.00 | 159.00 | OK | |
| r-patched-linux-x86_64 | 0.9.0 | 9.08 | 134.73 | 143.81 | OK | |
| r-release-linux-x86_64 | 0.9.0 | 9.89 | 133.50 | 143.39 | OK | |
| r-release-macos-arm64 | 0.9.0 | 6.00 | 81.00 | 87.00 | OK | |
| r-release-macos-x86_64 | 0.9.0 | 11.00 | 147.00 | 158.00 | OK | |
| r-release-windows-x86_64 | 0.9.0 | 14.00 | 144.00 | 158.00 | OK | |
| r-oldrel-macos-arm64 | 0.9.0 | 5.00 | 74.00 | 79.00 | NOTE | |
| r-oldrel-macos-x86_64 | 0.9.0 | 8.00 | 106.00 | 114.00 | NOTE | |
| r-oldrel-windows-x86_64 | 0.9.0 | 18.00 | 182.00 | 200.00 | NOTE |
Version: 0.9.0
Check: CRAN incoming feasibility
Result: NOTE
Maintainer: ‘Guo Yu <gy63@cornell.edu>’
The Description field contains
high-dimensional linear models of Yu, Bien (2017) <arXiv:1712.02412>.
Please refer to arXiv e-prints via their arXiv DOI <doi:10.48550/arXiv.YYMM.NNNNN>.
Flavors: r-devel-linux-x86_64-debian-clang, r-devel-linux-x86_64-debian-gcc
Version: 0.9.0
Check: HTML version of manual
Result: NOTE
Found the following HTML validation problems:
getLam_olasso.html:46:1 (getLam_olasso.Rd:10): Warning: missing </ul> before </div>
getLam_slasso.html:50:1 (getLam_slasso.Rd:12): Warning: missing </ul> before </div>
olasso_slow.html:56:1 (olasso_slow.Rd:15): Warning: missing </ul> before </div>
plot.natural.cv.html:52:1 (plot.natural.cv.Rd:13): Warning: missing </ul> before </div>
plot.natural.path.html:52:1 (plot.natural.path.Rd:13): Warning: missing </ul> before </div>
print.natural.path.html:52:1 (print.natural.path.Rd:13): Warning: missing </ul> before </div>
standardize.html:52:1 (standardize.Rd:13): Warning: missing </ul> before </div>
Flavor: r-devel-linux-x86_64-debian-clang
Version: 0.9.0
Check: LazyData
Result: NOTE
'LazyData' is specified without a 'data' directory
Flavors: r-oldrel-macos-arm64, r-oldrel-macos-x86_64, r-oldrel-windows-x86_64