Last updated on 2025-10-22 05:51:18 CEST.
Flavor | Version | Tinstall | Tcheck | Ttotal | Status | Flags |
---|---|---|---|---|---|---|
r-devel-linux-x86_64-debian-clang | 0.0.1 | 10.01 | 74.12 | 84.13 | NOTE | |
r-devel-linux-x86_64-debian-gcc | 0.0.1 | 7.84 | 59.83 | 67.67 | NOTE | |
r-devel-linux-x86_64-fedora-clang | 0.0.1 | 29.00 | 98.71 | 127.71 | OK | |
r-devel-linux-x86_64-fedora-gcc | 0.0.1 | 23.00 | 114.32 | 137.32 | OK | |
r-devel-windows-x86_64 | 0.0.1 | 24.00 | 97.00 | 121.00 | OK | |
r-patched-linux-x86_64 | 0.0.1 | 9.90 | 70.44 | 80.34 | OK | |
r-release-linux-x86_64 | 0.0.1 | 9.62 | 69.92 | 79.54 | OK | |
r-release-macos-arm64 | 0.0.1 | 8.00 | 49.00 | 57.00 | OK | |
r-release-macos-x86_64 | 0.0.1 | 15.00 | 93.00 | 108.00 | OK | |
r-release-windows-x86_64 | 0.0.1 | 24.00 | 99.00 | 123.00 | OK | |
r-oldrel-macos-arm64 | 0.0.1 | 8.00 | 46.00 | 54.00 | NOTE | |
r-oldrel-macos-x86_64 | 0.0.1 | 12.00 | 75.00 | 87.00 | NOTE | |
r-oldrel-windows-x86_64 | 0.0.1 | 32.00 | 125.00 | 157.00 | OK |
Version: 0.0.1
Check: HTML version of manual
Result: NOTE
Found the following HTML validation problems:
lake_id_xref.html:70:1 (lake_id_xref.Rd:21): Warning: missing </ul> before </div>
wis_lakes.html:60:1 (wis_lakes.Rd:17): Warning: missing </ul> before </div>
Flavors: r-devel-linux-x86_64-debian-clang, r-devel-linux-x86_64-debian-gcc
Version: 0.0.1
Check: installed package size
Result: NOTE
installed size is 6.0Mb
sub-directories of 1Mb or more:
data 5.7Mb
Flavors: r-oldrel-macos-arm64, r-oldrel-macos-x86_64